{"id":300,"date":"2017-11-14T22:50:42","date_gmt":"2017-11-14T21:50:42","guid":{"rendered":"https:\/\/www.sani-spa.fr\/collection\/?page_id=300"},"modified":"2023-01-30T15:02:05","modified_gmt":"2023-01-30T14:02:05","slug":"mentions-legales","status":"publish","type":"page","link":"https:\/\/www.sani-spa.fr\/collection\/mentions-legales\/","title":{"rendered":"Mentions l\u00e9gales"},"content":{"rendered":"<p><strong>ATTENTION<\/strong><\/p>\n<p>VEUILLEZ LIRE ATTENTIVEMENT LES CONDITIONS D&#8217;UTILISATION SUIVANTES AVANT DE CONSULTER CE SITE. EN ENTRANT SUR CE SITE, VOUS SIGNIFIEZ QUE VOUS ACCEPTEZ LES PR\u00c9SENTES CONDITIONS D&#8217;UTILISATION.<\/p>\n<p>SI VOUS NE LES ACCEPTEZ PAS, VOUS NE DEVEZ PAS UTILISER CE SITE. La consultation du site www.sani-spa.fr suppose l&#8217;acceptation sans r\u00e9serve des pr\u00e9sentes conditions d&#8217;utilisation. Les termes &#8221; le site &#8221; ou &#8221; les sites &#8221; d\u00e9signent ci-apr\u00e8s le site Internet de la soci\u00e9t\u00e9 <b>Sani Spa<\/b>, situ\u00e9e \u00e0 MULHOUSE (68100).<\/p>\n<p><strong>Copyright<\/strong> Tous droits r\u00e9serv\u00e9s.<\/p>\n<p>Textes, images, graphiques, sons, animations et vid\u00e9os ainsi que leur arrangement sur cette pr\u00e9sence Internet sont soumis \u00e0 la protection du droit d&#8217;auteur et d&#8217;autres lois mondiales de protection.<\/p>\n<p>Le contenu de ce site ne doit pas \u00eatre copi\u00e9, diffus\u00e9, modifi\u00e9 ou mis \u00e0 la disposition de tiers pour des buts commerciaux.<\/p>\n<hr \/>\n<p><b>1. Identification<\/b> de l&#8217;\u00e9diteur (gestionnaire) et de l&#8217;h\u00e9bergeur du site www.sani-spa.fr<\/p>\n<p><b>1.1 Directeur de publication <\/b>:<\/p>\n<p><b>Sani Spa<\/b><br \/>\nGilles Dolhen<br \/>\n2 C Rue de la Mine -68500 BERRWILLER<br \/>\nT\u00e9l. : +33 (0)6 34 57 16 35<\/p>\n<p><b>1.2 H\u00e9bergeur du site :<\/b><\/p>\n<p><strong>OVH<\/strong><br \/>\nSAS au capital de 10\u00a0059\u00a0500\u00a0\u20ac<br \/>\nRCS Lille M\u00e9tropole 424 761 419 00045<br \/>\nCode APE 6202A<br \/>\nN\u00b0 TVA : FR 22 424 761 419<br \/>\nSi\u00e8ge social : 2 rue Kellermann &#8211; 59100 Roubaix &#8211; France<\/p>\n<hr \/>\n<p><b>2. Conditions d&#8217;utilisation<\/b><\/p>\n<p><b>2.1 Marques d\u00e9pos\u00e9es <\/b>:<\/p>\n<p><b>2.1.1<\/b> La marque et le logo de la soci\u00e9t\u00e9 <b>Sani Spa<\/b> sont des marques d\u00e9pos\u00e9es.<\/p>\n<p><b>2.1.2<\/b> Aucun autre droit que celui de visiter les sites n&#8217;est conf\u00e9r\u00e9 \u00e0 quiconque.<\/p>\n<p>Toute reproduction totale ou partielle de cette marque ou de ce logo, effectu\u00e9e \u00e0 partir des \u00e9l\u00e9ments du site sans l&#8217;autorisation expresse de l&#8217;exploitant du site Internet ou de son ayant-droit est prohib\u00e9, au sens de l&#8217;article L713-2 du CPI.<\/p>\n<p><b>2.2 Propri\u00e9t\u00e9 intellectuelle <\/b>:<\/p>\n<p><b>2.2.1<\/b> Le site web a \u00e9t\u00e9 r\u00e9alis\u00e9 par Jade Djaroud et Geoffrey Kern (IUT de Mulhouse &#8211; Licence R\u00e9f\u00e9renceur &amp; R\u00e9dacteur Web).<\/p>\n<p><b>2.2.2<\/b> Tous les \u00e9l\u00e9ments du pr\u00e9sent site web (textes, photographies, illustrations, logos, fichiers disponibles en t\u00e9l\u00e9chargement, base de donn\u00e9es figurant sur le site, clips vid\u00e9os ou sonores, charte graphique, structure g\u00e9n\u00e9rale du site etc&#8230;) sont la propri\u00e9t\u00e9 exclusive de la soci\u00e9t\u00e9 <b>Sani Spa<\/b>.<\/p>\n<p><b>2.2.3<\/b> Ces \u00e9l\u00e9ments sont prot\u00e9g\u00e9s par les lois fran\u00e7aises et les textes internationaux relatifs au respect des droits d&#8217;auteur et du copyright.<\/p>\n<p><b>2.2.4<\/b> La reproduction et\/ou la repr\u00e9sentation de ces \u00e9l\u00e9ments ne sont autoris\u00e9es qu&#8217;\u00e0 des fins d&#8217;information pour un usage strictement personnel et priv\u00e9. L&#8217;utilisation commerciale de ces \u00e9l\u00e9ments est interdite sauf \u00e9ventuelle autorisation pr\u00e9alable de la soci\u00e9t\u00e9 <b>Sani Spa<\/b>.<\/p>\n<p><b>2.2.4.1<\/b> Est interdite la pr\u00e9sentation d&#8217;une des pages du site www.sani-spa.fr dans une page web n&#8217;appartenant pas \u00e0 ce dernier (framing).<\/p>\n<p><b>2.2.4.2<\/b> Est strictement interdite la pratique consistant \u00e0 appeler un des \u00e9l\u00e9ments du site www.sani-spa.fr tels que d\u00e9finis au paragraphe 2.2.2 dans une page web n&#8217;appartenant pas au site (in line linking).<\/p>\n<p><b>2.2.5<\/b> Toute utilisation des \u00e9l\u00e9ments du pr\u00e9sent site, \u00e9num\u00e9r\u00e9s au paragraphe 2.2.2, \u00e0 des fins diff\u00e9rentes que celles vis\u00e9es au paragraphe 2.1.2 et 2.2.4 fera l&#8217;objet de poursuites judiciaires, en France, comme \u00e0 l&#8217;\u00e9tranger.<\/p>\n<p><b>2.3<\/b> Les bases de donn\u00e9es sont prot\u00e9g\u00e9es au titre du droit applicable aux compilations de donn\u00e9es. Toute extraction ou tentative d&#8217;extraction, totale ou partielle, est susceptible d&#8217;engager la responsabilit\u00e9 civile et p\u00e9nale du contrevenant.<\/p>\n<hr \/>\n<p><b>3. Donn\u00e9es personnelles<\/b><\/p>\n<p><b>3.1<\/b> Le pr\u00e9sent site est soumis au respect de la loi fran\u00e7aise du 6 janvier 1978, dite &#8221; Informatique et libert\u00e9s &#8220;.<\/p>\n<p><b>3.2<\/b> Conform\u00e9ment \u00e0 l&#8217;article 27 de la loi du 6 janvier 1978 dite &#8221; Informatique et libert\u00e9s &#8220;, vous disposez d&#8217;un droit d&#8217;acc\u00e8s, de rectification et de suppression relatif aux donn\u00e9es vous concernant dans les conditions de l&#8217;article 34 de ladite loi. Contactez-nous \u00e0 l&#8217;adresse suivante : <b>Sani Spa<\/b> &#8211;\u00a098, rue de l&#8217;\u00cele Napol\u00e9on &#8211; 68100 MULHOUSE en joignant \u00e0 votre courrier une copie de votre carte d&#8217;identit\u00e9 ou de votre passeport.<\/p>\n<p><b>3.2.1 Collecte invisible\u00a0d&#8217;informations relatives \u00e0 la navigation du visiteur<\/b><br \/>\nNous enregistrons automatiquement certaines donn\u00e9es relatives \u00e0 vos habitudes sur notre site. Nous utilisons ces donn\u00e9es en interne pour faire des statistiques sur nos utilisateurs, leurs int\u00e9r\u00eats et leurs comportements toujours dans le but de mieux les servir. Ces donn\u00e9es sont compil\u00e9es et analys\u00e9es dans leur globalit\u00e9, et peuvent inclure l&#8217;URL que vous venez juste de visiter, celui sur lequel vous allez vous rendre (que ces URL soient sur notre site ou pas), le navigateur que vous utilisez, et votre adresse IP.<\/p>\n<p><b>3.2.2 AVERTISSEMENT COOKIE\u00a0<\/b>:<br \/>\nNous implantons un cookie dans votre ordinateur. Un cookie ne nous permet pas de vous identifier; en revanche, il enregistre des informations relatives \u00e0 la navigation de votre ordinateur sur notre site (les pages que vous avez consult\u00e9es, la date et l&#8217;heure de la consultation, etc.). La dur\u00e9e de conservation de ces informations dans votre ordinateur est limit\u00e9e au temps de la cession de connexion; ces informations sont automatiquement effac\u00e9es \u00e0 la fin de celle-ci.<br \/>\nNous vous informons que vous pouvez vous opposer \u00e0 l&#8217;enregistrement de &#8220;cookies&#8221; en configurant votre navigateur de la mani\u00e8re suivante :<\/p>\n<ul class=\"bloc\">\n<li class=\"bloc\">\n<p class=\"title-normal\"><strong>Firefox :<\/strong><\/p>\n<ul class=\"list-unstyled\">\n<li>1. Ouvrez Firefox<\/li>\n<li>2. Appuyez sur la touche \u00ab Alt \u00bb<\/li>\n<li>3. Dans le menu en haut de la page cliquez sur \u00ab Outils \u00bb puis \u00ab Options \u00bb<\/li>\n<li>4. S\u00e9lectionnez l\u2019onglet \u00ab Vie priv\u00e9e \u00bb<\/li>\n<li>5. Dans le menu d\u00e9roulant \u00e0 droite de \u00ab R\u00e8gles de conservation \u00bb, cliquez sur \u00ab utiliser les param\u00e8tres personnalis\u00e9s pour l\u2019historique \u00bb<\/li>\n<li>6. Un peu plus bas, d\u00e9cochez \u00ab Accepter les cookies \u00bb<\/li>\n<li>7. Sauvegardez vos pr\u00e9f\u00e9rences en cliquant sur \u00ab OK \u00bb<\/li>\n<\/ul>\n<\/li>\n<li class=\"bloc\">\n<p class=\"title-normal\"><strong>Internet Explorer :<\/strong><\/p>\n<ul class=\"list-unstyled\">\n<li>1. Ouvrez Internet Explorer<\/li>\n<li>2. Dans le menu \u00ab Outils \u00bb, s\u00e9lectionnez \u00ab Options Internet \u00bb<\/li>\n<li>3. Cliquez sur l\u2019onglet \u00ab Confidentialit\u00e9 \u00bb<\/li>\n<li>4. Cliquez sur \u00ab Avanc\u00e9 \u00bb et d\u00e9cochez \u00ab Accepter \u00bb<\/li>\n<li>5. Sauvegardez vos pr\u00e9f\u00e9rences en cliquant sur \u00ab OK \u00bb<\/li>\n<\/ul>\n<\/li>\n<li class=\"bloc\">\n<p class=\"title-normal\"><strong>Google Chrome :<\/strong><\/p>\n<ul class=\"list-unstyled\">\n<li>1. Ouvrez Google Chrome<\/li>\n<li>2. Cliquez sur l\u2019ic\u00f4ne d\u2019outils dans la barre de menu<\/li>\n<li>3. S\u00e9lectionnez \u00ab Options \u00bb<\/li>\n<li>4. Cliquez sur l\u2019onglet \u00ab Options avanc\u00e9es \u00bb<\/li>\n<li>5. Dans le menu d\u00e9roulant \u00ab Param\u00e8tres des cookies \u00bb, s\u00e9lectionnez \u00ab Bloquer tous les cookies \u00bb<\/li>\n<\/ul>\n<\/li>\n<li class=\"bloc\">\n<p class=\"title-normal\"><strong>Safari :<\/strong><\/p>\n<ul class=\"list-unstyled\">\n<li>1. Ouvrez Safari<\/li>\n<li>2. Dans la barre de menu en haut, cliquez sur \u00ab Safari \u00bb, puis \u00ab Pr\u00e9f\u00e9rences \u00bb<\/li>\n<li>3. S\u00e9lectionnez l\u2019ic\u00f4ne \u00ab S\u00e9curit\u00e9 \u00bb<\/li>\n<li>4. \u00c0 c\u00f4t\u00e9 de \u00ab Accepter les cookies \u00bb, cochez \u00ab Jamais \u00bb<\/li>\n<li>5. Si vous souhaitez voir les cookies qui sont d\u00e9j\u00e0 sauvegard\u00e9s sur votre ordinateur, cliquez sur \u00ab Afficher les cookies \u00bb<\/li>\n<\/ul>\n<\/li>\n<\/ul>\n<p>&nbsp;<\/p>\n<p><b>3.3 Destination des informations recueillies<\/b><br \/>\nLes messages \u00e9lectroniques envoy\u00e9s par l&#8217;interm\u00e9diaire des liens du pr\u00e9sent site sont conserv\u00e9s pour leur traitement et pendant la dur\u00e9e n\u00e9cessaire \u00e0 leur traitement. Nous nous engageons \u00e0 ne communiquer vos donn\u00e9es \u00e0 aucun tiers sans votre consentement pr\u00e9alable. Les droits d&#8217;acc\u00e8s et de rectification s&#8217;exercent aupr\u00e8s du Service Technique webmaster.<\/p>\n<p><b>3.4 Exercice Droit d&#8217;opposition ( Opt-out ) Art.26 loi 1978<\/b><br \/>\nSi vous ne souhaitez pas que les donn\u00e9es personnelles vous concernant soient utilis\u00e9es \u00e0 des fins de prospection par la soci\u00e9t\u00e9 <b>Sani Spa<\/b>, faites le nous savoir sur notre formulaire de contact en indiquant bien les donn\u00e9es concern\u00e9es.<\/p>\n<hr \/>\n<p><b>4. Responsabilit\u00e9<\/b><br \/>\nLes liens hypertextes mis en place dans le cadre du pr\u00e9sent site en direction d&#8217;autres sites ou de ressources pr\u00e9sentes sur Internet, ne sauraient engager la responsabilit\u00e9 de l&#8217;\u00e9diteur du site notamment \u00e0 raison des prestations propos\u00e9es par les sites d\u00e9sign\u00e9s.<\/p>\n<hr \/>\n<p><b>5. Mise \u00e0 jour des mentions l\u00e9gales<\/b><br \/>\n<b>Sani Spa<\/b> se r\u00e9serve le droit de mettre \u00e0 jour la pr\u00e9sente notice l\u00e9gale \u00e0 tout moment, en fonction de l&#8217;\u00e9volution du contenu du site et des contraintes suppl\u00e9mentaires de protection n\u00e9cessaires. <b>Sani Spa<\/b> invite donc tout utilisateur \u00e0 visiter cette page lors de chaque consultation du site afin d&#8217;en prendre connaissance.<\/p>\n<hr \/>\n<p><b>6. Droit d&#8217;auteur<\/b><br \/>\nwww.sani-spa.fr respecte le droit d&#8217;auteur. Tous les droits des auteurs des \u0153uvres prot\u00e9g\u00e9es reproduites et communiqu\u00e9es sur ce site, sont r\u00e9serv\u00e9s. Sauf autorisation, toute utilisation des \u0153uvres autres que la reproduction et la consultation individuelles et priv\u00e9es sont interdites.<\/p>\n","protected":false},"excerpt":{"rendered":"<p>ATTENTION VEUILLEZ LIRE ATTENTIVEMENT LES CONDITIONS D&#8217;UTILISATION SUIVANTES AVANT DE CONSULTER CE SITE. EN ENTRANT SUR CE SITE, VOUS SIGNIFIEZ QUE VOUS ACCEPTEZ LES PR\u00c9SENTES CONDITIONS D&#8217;UTILISATION. SI VOUS NE LES ACCEPTEZ PAS, VOUS NE DEVEZ PAS UTILISER CE SITE. La consultation du site www.sani-spa.fr suppose l&#8217;acceptation sans r\u00e9serve des pr\u00e9sentes conditions d&#8217;utilisation. Les termes [&hellip;]<\/p>\n","protected":false},"author":2,"featured_media":0,"parent":0,"menu_order":0,"comment_status":"closed","ping_status":"closed","template":"","meta":{"footnotes":""},"class_list":["post-300","page","type-page","status-publish","hentry"],"yoast_head":"<!-- This site is optimized with the Yoast SEO plugin v27.0 - https:\/\/yoast.com\/product\/yoast-seo-wordpress\/ -->\n<title>Mentions l\u00e9gales | Sani Spa Collection<\/title>\n<meta name=\"robots\" content=\"index, follow, max-snippet:-1, max-image-preview:large, max-video-preview:-1\" \/>\n<link rel=\"canonical\" href=\"https:\/\/www.sani-spa.fr\/collection\/mentions-legales\/\" \/>\n<meta property=\"og:locale\" content=\"fr_FR\" \/>\n<meta property=\"og:type\" content=\"article\" \/>\n<meta property=\"og:title\" content=\"Mentions l\u00e9gales | Sani Spa Collection\" \/>\n<meta property=\"og:description\" content=\"ATTENTION VEUILLEZ LIRE ATTENTIVEMENT LES CONDITIONS D&#8217;UTILISATION SUIVANTES AVANT DE CONSULTER CE SITE. EN ENTRANT SUR CE SITE, VOUS SIGNIFIEZ QUE VOUS ACCEPTEZ LES PR\u00c9SENTES CONDITIONS D&#8217;UTILISATION. SI VOUS NE LES ACCEPTEZ PAS, VOUS NE DEVEZ PAS UTILISER CE SITE. La consultation du site www.sani-spa.fr suppose l&#8217;acceptation sans r\u00e9serve des pr\u00e9sentes conditions d&#8217;utilisation. Les termes [&hellip;]\" \/>\n<meta property=\"og:url\" content=\"https:\/\/www.sani-spa.fr\/collection\/mentions-legales\/\" \/>\n<meta property=\"og:site_name\" content=\"Sani Spa Collection\" \/>\n<meta property=\"article:publisher\" content=\"https:\/\/www.facebook.com\/sarlsanispa\" \/>\n<meta property=\"article:modified_time\" content=\"2023-01-30T14:02:05+00:00\" \/>\n<meta name=\"twitter:card\" content=\"summary_large_image\" \/>\n<meta name=\"twitter:label1\" content=\"Dur\u00e9e de lecture estim\u00e9e\" \/>\n\t<meta name=\"twitter:data1\" content=\"7 minutes\" \/>\n<script type=\"application\/ld+json\" class=\"yoast-schema-graph\">{\"@context\":\"https:\/\/schema.org\",\"@graph\":[{\"@type\":\"WebPage\",\"@id\":\"https:\/\/www.sani-spa.fr\/collection\/mentions-legales\/\",\"url\":\"https:\/\/www.sani-spa.fr\/collection\/mentions-legales\/\",\"name\":\"Mentions l\u00e9gales | Sani Spa Collection\",\"isPartOf\":{\"@id\":\"https:\/\/www.sani-spa.fr\/collection\/#website\"},\"datePublished\":\"2017-11-14T21:50:42+00:00\",\"dateModified\":\"2023-01-30T14:02:05+00:00\",\"breadcrumb\":{\"@id\":\"https:\/\/www.sani-spa.fr\/collection\/mentions-legales\/#breadcrumb\"},\"inLanguage\":\"fr-FR\",\"potentialAction\":[{\"@type\":\"ReadAction\",\"target\":[\"https:\/\/www.sani-spa.fr\/collection\/mentions-legales\/\"]}]},{\"@type\":\"BreadcrumbList\",\"@id\":\"https:\/\/www.sani-spa.fr\/collection\/mentions-legales\/#breadcrumb\",\"itemListElement\":[{\"@type\":\"ListItem\",\"position\":1,\"name\":\"Accueil\",\"item\":\"https:\/\/www.sani-spa.fr\/collection\/\"},{\"@type\":\"ListItem\",\"position\":2,\"name\":\"Mentions l\u00e9gales\"}]},{\"@type\":\"WebSite\",\"@id\":\"https:\/\/www.sani-spa.fr\/collection\/#website\",\"url\":\"https:\/\/www.sani-spa.fr\/collection\/\",\"name\":\"Sani Spa Collection\",\"description\":\"Boutique spas &amp; accessoires spa\",\"publisher\":{\"@id\":\"https:\/\/www.sani-spa.fr\/collection\/#organization\"},\"potentialAction\":[{\"@type\":\"SearchAction\",\"target\":{\"@type\":\"EntryPoint\",\"urlTemplate\":\"https:\/\/www.sani-spa.fr\/collection\/?s={search_term_string}\"},\"query-input\":{\"@type\":\"PropertyValueSpecification\",\"valueRequired\":true,\"valueName\":\"search_term_string\"}}],\"inLanguage\":\"fr-FR\"},{\"@type\":\"Organization\",\"@id\":\"https:\/\/www.sani-spa.fr\/collection\/#organization\",\"name\":\"Sani Spa Collection\",\"url\":\"https:\/\/www.sani-spa.fr\/collection\/\",\"logo\":{\"@type\":\"ImageObject\",\"inLanguage\":\"fr-FR\",\"@id\":\"https:\/\/www.sani-spa.fr\/collection\/#\/schema\/logo\/image\/\",\"url\":\"https:\/\/www.sani-spa.fr\/collection\/wp-collection\/uploads\/2017\/10\/logo-sani-spa-collection.png\",\"contentUrl\":\"https:\/\/www.sani-spa.fr\/collection\/wp-collection\/uploads\/2017\/10\/logo-sani-spa-collection.png\",\"width\":231,\"height\":54,\"caption\":\"Sani Spa Collection\"},\"image\":{\"@id\":\"https:\/\/www.sani-spa.fr\/collection\/#\/schema\/logo\/image\/\"},\"sameAs\":[\"https:\/\/www.facebook.com\/sarlsanispa\"]}]}<\/script>\n<!-- \/ Yoast SEO plugin. -->","yoast_head_json":{"title":"Mentions l\u00e9gales | Sani Spa Collection","robots":{"index":"index","follow":"follow","max-snippet":"max-snippet:-1","max-image-preview":"max-image-preview:large","max-video-preview":"max-video-preview:-1"},"canonical":"https:\/\/www.sani-spa.fr\/collection\/mentions-legales\/","og_locale":"fr_FR","og_type":"article","og_title":"Mentions l\u00e9gales | Sani Spa Collection","og_description":"ATTENTION VEUILLEZ LIRE ATTENTIVEMENT LES CONDITIONS D&#8217;UTILISATION SUIVANTES AVANT DE CONSULTER CE SITE. EN ENTRANT SUR CE SITE, VOUS SIGNIFIEZ QUE VOUS ACCEPTEZ LES PR\u00c9SENTES CONDITIONS D&#8217;UTILISATION. SI VOUS NE LES ACCEPTEZ PAS, VOUS NE DEVEZ PAS UTILISER CE SITE. La consultation du site www.sani-spa.fr suppose l&#8217;acceptation sans r\u00e9serve des pr\u00e9sentes conditions d&#8217;utilisation. Les termes [&hellip;]","og_url":"https:\/\/www.sani-spa.fr\/collection\/mentions-legales\/","og_site_name":"Sani Spa Collection","article_publisher":"https:\/\/www.facebook.com\/sarlsanispa","article_modified_time":"2023-01-30T14:02:05+00:00","twitter_card":"summary_large_image","twitter_misc":{"Dur\u00e9e de lecture estim\u00e9e":"7 minutes"},"schema":{"@context":"https:\/\/schema.org","@graph":[{"@type":"WebPage","@id":"https:\/\/www.sani-spa.fr\/collection\/mentions-legales\/","url":"https:\/\/www.sani-spa.fr\/collection\/mentions-legales\/","name":"Mentions l\u00e9gales | Sani Spa Collection","isPartOf":{"@id":"https:\/\/www.sani-spa.fr\/collection\/#website"},"datePublished":"2017-11-14T21:50:42+00:00","dateModified":"2023-01-30T14:02:05+00:00","breadcrumb":{"@id":"https:\/\/www.sani-spa.fr\/collection\/mentions-legales\/#breadcrumb"},"inLanguage":"fr-FR","potentialAction":[{"@type":"ReadAction","target":["https:\/\/www.sani-spa.fr\/collection\/mentions-legales\/"]}]},{"@type":"BreadcrumbList","@id":"https:\/\/www.sani-spa.fr\/collection\/mentions-legales\/#breadcrumb","itemListElement":[{"@type":"ListItem","position":1,"name":"Accueil","item":"https:\/\/www.sani-spa.fr\/collection\/"},{"@type":"ListItem","position":2,"name":"Mentions l\u00e9gales"}]},{"@type":"WebSite","@id":"https:\/\/www.sani-spa.fr\/collection\/#website","url":"https:\/\/www.sani-spa.fr\/collection\/","name":"Sani Spa Collection","description":"Boutique spas &amp; accessoires spa","publisher":{"@id":"https:\/\/www.sani-spa.fr\/collection\/#organization"},"potentialAction":[{"@type":"SearchAction","target":{"@type":"EntryPoint","urlTemplate":"https:\/\/www.sani-spa.fr\/collection\/?s={search_term_string}"},"query-input":{"@type":"PropertyValueSpecification","valueRequired":true,"valueName":"search_term_string"}}],"inLanguage":"fr-FR"},{"@type":"Organization","@id":"https:\/\/www.sani-spa.fr\/collection\/#organization","name":"Sani Spa Collection","url":"https:\/\/www.sani-spa.fr\/collection\/","logo":{"@type":"ImageObject","inLanguage":"fr-FR","@id":"https:\/\/www.sani-spa.fr\/collection\/#\/schema\/logo\/image\/","url":"https:\/\/www.sani-spa.fr\/collection\/wp-collection\/uploads\/2017\/10\/logo-sani-spa-collection.png","contentUrl":"https:\/\/www.sani-spa.fr\/collection\/wp-collection\/uploads\/2017\/10\/logo-sani-spa-collection.png","width":231,"height":54,"caption":"Sani Spa Collection"},"image":{"@id":"https:\/\/www.sani-spa.fr\/collection\/#\/schema\/logo\/image\/"},"sameAs":["https:\/\/www.facebook.com\/sarlsanispa"]}]}},"jetpack_sharing_enabled":true,"_links":{"self":[{"href":"https:\/\/www.sani-spa.fr\/collection\/wp-json\/wp\/v2\/pages\/300","targetHints":{"allow":["GET"]}}],"collection":[{"href":"https:\/\/www.sani-spa.fr\/collection\/wp-json\/wp\/v2\/pages"}],"about":[{"href":"https:\/\/www.sani-spa.fr\/collection\/wp-json\/wp\/v2\/types\/page"}],"author":[{"embeddable":true,"href":"https:\/\/www.sani-spa.fr\/collection\/wp-json\/wp\/v2\/users\/2"}],"replies":[{"embeddable":true,"href":"https:\/\/www.sani-spa.fr\/collection\/wp-json\/wp\/v2\/comments?post=300"}],"version-history":[{"count":0,"href":"https:\/\/www.sani-spa.fr\/collection\/wp-json\/wp\/v2\/pages\/300\/revisions"}],"wp:attachment":[{"href":"https:\/\/www.sani-spa.fr\/collection\/wp-json\/wp\/v2\/media?parent=300"}],"curies":[{"name":"wp","href":"https:\/\/api.w.org\/{rel}","templated":true}]}}