{"id":1405,"date":"2020-04-01T14:09:26","date_gmt":"2020-04-01T12:09:26","guid":{"rendered":"https:\/\/www.sani-spa.fr\/collection\/?post_type=product&#038;p=1405"},"modified":"2024-10-15T16:40:46","modified_gmt":"2024-10-15T14:40:46","slug":"kit-chlore-ocedis","status":"publish","type":"product","link":"https:\/\/www.sani-spa.fr\/collection\/produit\/kit-chlore-ocedis\/","title":{"rendered":"Kit Brome HTH"},"content":{"rendered":"<p>Ce coffret kit Brome comprend tout le n\u00e9cessaire pour un traitement d&#8217;eau optimal<\/p>\n<h3><strong>Le coffret contient :<\/strong><\/h3>\n<ul>\n<li><strong>Guide HTH Spa pour le traitement de l&#8217;eau<\/strong><br \/>\nUn guide pratique fournissant tous les conseils n\u00e9cessaires pour g\u00e9rer efficacement le traitement quotidien au brome.<\/li>\n<li><strong>1 kg de pastilles de brome HTH Spa (20g)<\/strong><br \/>\nL&#8217;\u00e9l\u00e9ment cl\u00e9 du traitement de votre eau. Ces pastilles \u00e0 dissolution lente d\u00e9sinfectent l&#8217;eau de votre spa de mani\u00e8re optimale.<\/li>\n<li><strong>1,2 kg de poudre choc sans chlore HTH Spa<\/strong><br \/>\nId\u00e9al pour rattraper une eau trouble ou verdissante. Ce produit permet de restaurer la clart\u00e9 de l&#8217;eau sans n\u00e9cessiter de vidange. \u00c0 utiliser uniquement si l&#8217;eau commence \u00e0 se d\u00e9grader.<\/li>\n<li><strong>2 kg de HTH Spa pH Moins en microbilles<\/strong><br \/>\nCe produit ajuste le pH de l&#8217;eau en le r\u00e9duisant.<\/li>\n<li><strong>1,2 kg de HTH Spa pH Plus en poudre<\/strong><br \/>\nUtilis\u00e9 pour augmenter le pH de l&#8217;eau lorsque n\u00e9cessaire.<\/li>\n<li><strong>1 litre de HTH Spa Eau \u00e9clatante 3 en 1<\/strong><br \/>\nCe clarifiant agit sur plusieurs fronts : \u00e9limination du tartre, des algues et des d\u00e9p\u00f4ts m\u00e9talliques pour une eau cristalline.<\/li>\n<li><strong>1 litre de HTH Spa Anti-\u00e9cume<\/strong><br \/>\nR\u00e9duit efficacement la mousse qui peut se former \u00e0 la surface de l&#8217;eau.<\/li>\n<li><strong>1 tube de 25 bandelettes de test HTH<\/strong><br \/>\nCes bandelettes permettent de v\u00e9rifier et ajuster les niveaux de produits dans l&#8217;eau.<\/li>\n<\/ul>\n<h3><strong>Dosage :<\/strong><\/h3>\n<p>Se r\u00e9f\u00e9rer aux instructions sp\u00e9cifiques sur chaque produit.<\/p>\n<h3><strong>Pr\u00e9cautions d\u2019emploi :<\/strong><\/h3>\n<p>Conservez les produits dans un endroit sec et ventil\u00e9, \u00e0 une temp\u00e9rature ne d\u00e9passant pas 35\u00b0C. Ne jamais ajouter de produit lorsque des baigneurs sont pr\u00e9sents dans l&#8217;eau.<br \/>\n<strong>Ne m\u00e9langez pas avec d&#8217;autres produits et ne diluez pas avant usage.<\/strong><\/p>\n<p>&nbsp;<\/p>\n","protected":false},"excerpt":{"rendered":"<p><strong>Le coffret contient :<\/strong><\/p>\n<ul>\n<li>Guide HTH Spa pour le traitement de l&#8217;eau<\/li>\n<li>1 kg de pastilles de brome HTH Spa (20g)<\/li>\n<li>1,2 kg de poudre choc sans chlore HTH Spa<\/li>\n<li>2 kg de HTH Spa pH Moins en microbilles<\/li>\n<li>1,2 kg de HTH Spa pH Plus en poudre<\/li>\n<li>1 litre de HTH Spa Eau \u00e9clatante 3 en 1<\/li>\n<li>1 litre de HTH Spa Anti-\u00e9cume<\/li>\n<li>1 tube de 25 bandelettes de test HTH<\/li>\n<\/ul>\n","protected":false},"featured_media":3887,"comment_status":"open","ping_status":"closed","template":"","meta":[],"product_brand":[],"product_cat":[33,55],"product_tag":[],"class_list":{"0":"post-1405","1":"product","2":"type-product","3":"status-publish","4":"has-post-thumbnail","6":"product_cat-produits-dentretien","7":"product_cat-kit-complet","8":"product_shipping_class-kit-produits","10":"first","11":"instock","12":"taxable","13":"shipping-taxable","14":"purchasable","15":"product-type-simple"},"yoast_head":"<!-- This site is optimized with the Yoast SEO plugin v27.0 - https:\/\/yoast.com\/product\/yoast-seo-wordpress\/ -->\n<title>Kit Brome HTH | Sani Spa Collection<\/title>\n<meta name=\"robots\" content=\"index, follow, max-snippet:-1, max-image-preview:large, max-video-preview:-1\" \/>\n<link rel=\"canonical\" href=\"https:\/\/www.sani-spa.fr\/collection\/produit\/kit-chlore-ocedis\/\" \/>\n<meta property=\"og:locale\" content=\"fr_FR\" \/>\n<meta property=\"og:type\" content=\"article\" \/>\n<meta property=\"og:title\" content=\"Kit Brome HTH | Sani Spa Collection\" \/>\n<meta property=\"og:description\" content=\"Le coffret contient :   Guide HTH Spa pour le traitement de l&#039;eau  1 kg de pastilles de brome HTH Spa (20g)  1,2 kg de poudre choc sans chlore HTH Spa  2 kg de HTH Spa pH Moins en microbilles  1,2 kg de HTH Spa pH Plus en poudre  1 litre de HTH Spa Eau \u00e9clatante 3 en 1  1 litre de HTH Spa Anti-\u00e9cume  1 tube de 25 bandelettes de test HTH\" \/>\n<meta property=\"og:url\" content=\"https:\/\/www.sani-spa.fr\/collection\/produit\/kit-chlore-ocedis\/\" \/>\n<meta property=\"og:site_name\" content=\"Sani Spa Collection\" \/>\n<meta property=\"article:publisher\" content=\"https:\/\/www.facebook.com\/sarlsanispa\" \/>\n<meta property=\"article:modified_time\" content=\"2024-10-15T14:40:46+00:00\" \/>\n<meta property=\"og:image\" content=\"http:\/\/www.sani-spa.fr\/collection\/wp-collection\/uploads\/2020\/04\/coffret-traitement-au-brome-hth-spa.jpg\" \/>\n\t<meta property=\"og:image:width\" content=\"1400\" \/>\n\t<meta property=\"og:image:height\" content=\"1400\" \/>\n\t<meta property=\"og:image:type\" content=\"image\/jpeg\" \/>\n<meta name=\"twitter:card\" content=\"summary_large_image\" \/>\n<meta name=\"twitter:label1\" content=\"Dur\u00e9e de lecture estim\u00e9e\" \/>\n\t<meta name=\"twitter:data1\" content=\"2 minutes\" \/>\n<script type=\"application\/ld+json\" class=\"yoast-schema-graph\">{\"@context\":\"https:\/\/schema.org\",\"@graph\":[{\"@type\":\"WebPage\",\"@id\":\"https:\/\/www.sani-spa.fr\/collection\/produit\/kit-chlore-ocedis\/\",\"url\":\"https:\/\/www.sani-spa.fr\/collection\/produit\/kit-chlore-ocedis\/\",\"name\":\"Kit Brome HTH | Sani Spa Collection\",\"isPartOf\":{\"@id\":\"https:\/\/www.sani-spa.fr\/collection\/#website\"},\"primaryImageOfPage\":{\"@id\":\"https:\/\/www.sani-spa.fr\/collection\/produit\/kit-chlore-ocedis\/#primaryimage\"},\"image\":{\"@id\":\"https:\/\/www.sani-spa.fr\/collection\/produit\/kit-chlore-ocedis\/#primaryimage\"},\"thumbnailUrl\":\"https:\/\/www.sani-spa.fr\/collection\/wp-collection\/uploads\/2020\/04\/coffret-traitement-au-brome-hth-spa.jpg\",\"datePublished\":\"2020-04-01T12:09:26+00:00\",\"dateModified\":\"2024-10-15T14:40:46+00:00\",\"breadcrumb\":{\"@id\":\"https:\/\/www.sani-spa.fr\/collection\/produit\/kit-chlore-ocedis\/#breadcrumb\"},\"inLanguage\":\"fr-FR\",\"potentialAction\":[{\"@type\":\"ReadAction\",\"target\":[\"https:\/\/www.sani-spa.fr\/collection\/produit\/kit-chlore-ocedis\/\"]}]},{\"@type\":\"ImageObject\",\"inLanguage\":\"fr-FR\",\"@id\":\"https:\/\/www.sani-spa.fr\/collection\/produit\/kit-chlore-ocedis\/#primaryimage\",\"url\":\"https:\/\/www.sani-spa.fr\/collection\/wp-collection\/uploads\/2020\/04\/coffret-traitement-au-brome-hth-spa.jpg\",\"contentUrl\":\"https:\/\/www.sani-spa.fr\/collection\/wp-collection\/uploads\/2020\/04\/coffret-traitement-au-brome-hth-spa.jpg\",\"width\":1400,\"height\":1400,\"caption\":\"xr:d:DAFTV88s_ko:21,j:47311838641,t:23022008\"},{\"@type\":\"BreadcrumbList\",\"@id\":\"https:\/\/www.sani-spa.fr\/collection\/produit\/kit-chlore-ocedis\/#breadcrumb\",\"itemListElement\":[{\"@type\":\"ListItem\",\"position\":1,\"name\":\"Accueil\",\"item\":\"https:\/\/www.sani-spa.fr\/collection\/\"},{\"@type\":\"ListItem\",\"position\":2,\"name\":\"Sani Spa CollectionPi\u00e8ces D\u00e9tach\u00e9es &amp; Accessoires pour Spas\",\"item\":\"https:\/\/www.sani-spa.fr\/collection\/\"},{\"@type\":\"ListItem\",\"position\":3,\"name\":\"Kit Brome HTH\"}]},{\"@type\":\"WebSite\",\"@id\":\"https:\/\/www.sani-spa.fr\/collection\/#website\",\"url\":\"https:\/\/www.sani-spa.fr\/collection\/\",\"name\":\"Sani Spa Collection\",\"description\":\"Boutique spas &amp; accessoires spa\",\"publisher\":{\"@id\":\"https:\/\/www.sani-spa.fr\/collection\/#organization\"},\"potentialAction\":[{\"@type\":\"SearchAction\",\"target\":{\"@type\":\"EntryPoint\",\"urlTemplate\":\"https:\/\/www.sani-spa.fr\/collection\/?s={search_term_string}\"},\"query-input\":{\"@type\":\"PropertyValueSpecification\",\"valueRequired\":true,\"valueName\":\"search_term_string\"}}],\"inLanguage\":\"fr-FR\"},{\"@type\":\"Organization\",\"@id\":\"https:\/\/www.sani-spa.fr\/collection\/#organization\",\"name\":\"Sani Spa Collection\",\"url\":\"https:\/\/www.sani-spa.fr\/collection\/\",\"logo\":{\"@type\":\"ImageObject\",\"inLanguage\":\"fr-FR\",\"@id\":\"https:\/\/www.sani-spa.fr\/collection\/#\/schema\/logo\/image\/\",\"url\":\"https:\/\/www.sani-spa.fr\/collection\/wp-collection\/uploads\/2017\/10\/logo-sani-spa-collection.png\",\"contentUrl\":\"https:\/\/www.sani-spa.fr\/collection\/wp-collection\/uploads\/2017\/10\/logo-sani-spa-collection.png\",\"width\":231,\"height\":54,\"caption\":\"Sani Spa Collection\"},\"image\":{\"@id\":\"https:\/\/www.sani-spa.fr\/collection\/#\/schema\/logo\/image\/\"},\"sameAs\":[\"https:\/\/www.facebook.com\/sarlsanispa\"]}]}<\/script>\n<!-- \/ Yoast SEO plugin. -->","yoast_head_json":{"title":"Kit Brome HTH | Sani Spa Collection","robots":{"index":"index","follow":"follow","max-snippet":"max-snippet:-1","max-image-preview":"max-image-preview:large","max-video-preview":"max-video-preview:-1"},"canonical":"https:\/\/www.sani-spa.fr\/collection\/produit\/kit-chlore-ocedis\/","og_locale":"fr_FR","og_type":"article","og_title":"Kit Brome HTH | Sani Spa Collection","og_description":"Le coffret contient :   Guide HTH Spa pour le traitement de l'eau  1 kg de pastilles de brome HTH Spa (20g)  1,2 kg de poudre choc sans chlore HTH Spa  2 kg de HTH Spa pH Moins en microbilles  1,2 kg de HTH Spa pH Plus en poudre  1 litre de HTH Spa Eau \u00e9clatante 3 en 1  1 litre de HTH Spa Anti-\u00e9cume  1 tube de 25 bandelettes de test HTH","og_url":"https:\/\/www.sani-spa.fr\/collection\/produit\/kit-chlore-ocedis\/","og_site_name":"Sani Spa Collection","article_publisher":"https:\/\/www.facebook.com\/sarlsanispa","article_modified_time":"2024-10-15T14:40:46+00:00","og_image":[{"width":1400,"height":1400,"url":"http:\/\/www.sani-spa.fr\/collection\/wp-collection\/uploads\/2020\/04\/coffret-traitement-au-brome-hth-spa.jpg","type":"image\/jpeg"}],"twitter_card":"summary_large_image","twitter_misc":{"Dur\u00e9e de lecture estim\u00e9e":"2 minutes"},"schema":{"@context":"https:\/\/schema.org","@graph":[{"@type":"WebPage","@id":"https:\/\/www.sani-spa.fr\/collection\/produit\/kit-chlore-ocedis\/","url":"https:\/\/www.sani-spa.fr\/collection\/produit\/kit-chlore-ocedis\/","name":"Kit Brome HTH | Sani Spa Collection","isPartOf":{"@id":"https:\/\/www.sani-spa.fr\/collection\/#website"},"primaryImageOfPage":{"@id":"https:\/\/www.sani-spa.fr\/collection\/produit\/kit-chlore-ocedis\/#primaryimage"},"image":{"@id":"https:\/\/www.sani-spa.fr\/collection\/produit\/kit-chlore-ocedis\/#primaryimage"},"thumbnailUrl":"https:\/\/www.sani-spa.fr\/collection\/wp-collection\/uploads\/2020\/04\/coffret-traitement-au-brome-hth-spa.jpg","datePublished":"2020-04-01T12:09:26+00:00","dateModified":"2024-10-15T14:40:46+00:00","breadcrumb":{"@id":"https:\/\/www.sani-spa.fr\/collection\/produit\/kit-chlore-ocedis\/#breadcrumb"},"inLanguage":"fr-FR","potentialAction":[{"@type":"ReadAction","target":["https:\/\/www.sani-spa.fr\/collection\/produit\/kit-chlore-ocedis\/"]}]},{"@type":"ImageObject","inLanguage":"fr-FR","@id":"https:\/\/www.sani-spa.fr\/collection\/produit\/kit-chlore-ocedis\/#primaryimage","url":"https:\/\/www.sani-spa.fr\/collection\/wp-collection\/uploads\/2020\/04\/coffret-traitement-au-brome-hth-spa.jpg","contentUrl":"https:\/\/www.sani-spa.fr\/collection\/wp-collection\/uploads\/2020\/04\/coffret-traitement-au-brome-hth-spa.jpg","width":1400,"height":1400,"caption":"xr:d:DAFTV88s_ko:21,j:47311838641,t:23022008"},{"@type":"BreadcrumbList","@id":"https:\/\/www.sani-spa.fr\/collection\/produit\/kit-chlore-ocedis\/#breadcrumb","itemListElement":[{"@type":"ListItem","position":1,"name":"Accueil","item":"https:\/\/www.sani-spa.fr\/collection\/"},{"@type":"ListItem","position":2,"name":"Sani Spa CollectionPi\u00e8ces D\u00e9tach\u00e9es &amp; Accessoires pour Spas","item":"https:\/\/www.sani-spa.fr\/collection\/"},{"@type":"ListItem","position":3,"name":"Kit Brome HTH"}]},{"@type":"WebSite","@id":"https:\/\/www.sani-spa.fr\/collection\/#website","url":"https:\/\/www.sani-spa.fr\/collection\/","name":"Sani Spa Collection","description":"Boutique spas &amp; accessoires spa","publisher":{"@id":"https:\/\/www.sani-spa.fr\/collection\/#organization"},"potentialAction":[{"@type":"SearchAction","target":{"@type":"EntryPoint","urlTemplate":"https:\/\/www.sani-spa.fr\/collection\/?s={search_term_string}"},"query-input":{"@type":"PropertyValueSpecification","valueRequired":true,"valueName":"search_term_string"}}],"inLanguage":"fr-FR"},{"@type":"Organization","@id":"https:\/\/www.sani-spa.fr\/collection\/#organization","name":"Sani Spa Collection","url":"https:\/\/www.sani-spa.fr\/collection\/","logo":{"@type":"ImageObject","inLanguage":"fr-FR","@id":"https:\/\/www.sani-spa.fr\/collection\/#\/schema\/logo\/image\/","url":"https:\/\/www.sani-spa.fr\/collection\/wp-collection\/uploads\/2017\/10\/logo-sani-spa-collection.png","contentUrl":"https:\/\/www.sani-spa.fr\/collection\/wp-collection\/uploads\/2017\/10\/logo-sani-spa-collection.png","width":231,"height":54,"caption":"Sani Spa Collection"},"image":{"@id":"https:\/\/www.sani-spa.fr\/collection\/#\/schema\/logo\/image\/"},"sameAs":["https:\/\/www.facebook.com\/sarlsanispa"]}]}},"jetpack_sharing_enabled":true,"_links":{"self":[{"href":"https:\/\/www.sani-spa.fr\/collection\/wp-json\/wp\/v2\/product\/1405","targetHints":{"allow":["GET"]}}],"collection":[{"href":"https:\/\/www.sani-spa.fr\/collection\/wp-json\/wp\/v2\/product"}],"about":[{"href":"https:\/\/www.sani-spa.fr\/collection\/wp-json\/wp\/v2\/types\/product"}],"replies":[{"embeddable":true,"href":"https:\/\/www.sani-spa.fr\/collection\/wp-json\/wp\/v2\/comments?post=1405"}],"wp:featuredmedia":[{"embeddable":true,"href":"https:\/\/www.sani-spa.fr\/collection\/wp-json\/wp\/v2\/media\/3887"}],"wp:attachment":[{"href":"https:\/\/www.sani-spa.fr\/collection\/wp-json\/wp\/v2\/media?parent=1405"}],"wp:term":[{"taxonomy":"product_brand","embeddable":true,"href":"https:\/\/www.sani-spa.fr\/collection\/wp-json\/wp\/v2\/product_brand?post=1405"},{"taxonomy":"product_cat","embeddable":true,"href":"https:\/\/www.sani-spa.fr\/collection\/wp-json\/wp\/v2\/product_cat?post=1405"},{"taxonomy":"product_tag","embeddable":true,"href":"https:\/\/www.sani-spa.fr\/collection\/wp-json\/wp\/v2\/product_tag?post=1405"}],"curies":[{"name":"wp","href":"https:\/\/api.w.org\/{rel}","templated":true}]}}