{"id":1452,"date":"2020-04-01T15:07:41","date_gmt":"2020-04-01T13:07:41","guid":{"rendered":"https:\/\/www.sani-spa.fr\/collection\/?post_type=product&#038;p=1452"},"modified":"2023-05-14T13:17:34","modified_gmt":"2023-05-14T11:17:34","slug":"huiles-essentielles-velours-de-spa-eucalyptus-menthe","status":"publish","type":"product","link":"https:\/\/www.sani-spa.fr\/collection\/produit\/huiles-essentielles-velours-de-spa-eucalyptus-menthe\/","title":{"rendered":"Huiles Essentielles Velours de Spa Eucalyptus &#038; Menthe"},"content":{"rendered":"<p>La gamme Parfum de Velours a \u00e9t\u00e9 con\u00e7u sp\u00e9cifiquement pour le spa. Il n&#8217;abime et n&#8217;encrasse en aucun cas vos canalisations et vos filtres.<\/p>\n<p>Il est important tout de m\u00eame de respecter le dosage indiqu\u00e9.<\/p>\n","protected":false},"excerpt":{"rendered":"<div id=\"tab-two\" class=\"tab-pane active\">\n<p>Les huiles essentielles d&#8217;eucalyptus sont \u00a0les plus utilis\u00e9es pour leurs biens-faits. La puissance du parfum d&#8217;eucalyptus donne une impression de fraicheur ultime et de vitalit\u00e9. Ce parfum est particuli\u00e8rement recommand\u00e9 dans les affections respiratoires, cette plante est tr\u00e8s utilis\u00e9e dans des compositions pharmaceutiques pour ses multiples vertus anti-inflammatoires et anti-infectieuses.<\/p>\n<p>Associ\u00e9es \u00e0 la menthe pour ses vertus rafra\u00eechissantes,\u00a0 mais aussi pour ses propri\u00e9t\u00e9s stimulantes et aphrodisiaques.<br \/>\nDepuis de nombreuses ann\u00e9es, la menthe est utilis\u00e9e comme tonique, pour aider \u00e0 la digestion ainsi qu&#8217;au traitement contre les rhumes, la toux et la fi\u00e8vre.<\/p>\n<p><strong>Utilisation:<\/strong><\/p>\n<p>Parfaitement soluble dans l&#8217;eau, versez 2 \u00e0 3 bouchons directement dans l&#8217;eau de votre spa (pour un spa d&#8217;une contenance moyenne de 1500 litres).<\/p>\n<\/div>\n<div class=\"liresuite\">Contenance du flacon : 250mL<\/div>\n","protected":false},"featured_media":1451,"comment_status":"open","ping_status":"closed","template":"","meta":[],"product_brand":[],"product_cat":[33,56,57,82],"product_tag":[],"class_list":{"0":"post-1452","1":"product","2":"type-product","3":"status-publish","4":"has-post-thumbnail","6":"product_cat-produits-dentretien","7":"product_cat-au-detail","8":"product_cat-senteurs","9":"product_cat-senteurs-et-parfums-only-spa","10":"product_shipping_class-produits","12":"first","13":"instock","14":"taxable","15":"shipping-taxable","16":"purchasable","17":"product-type-simple"},"yoast_head":"<!-- This site is optimized with the Yoast SEO plugin v27.0 - https:\/\/yoast.com\/product\/yoast-seo-wordpress\/ -->\n<title>Huiles Essentielles Velours de Spa Eucalyptus &amp; Menthe | Sani Spa Collection<\/title>\n<meta name=\"robots\" content=\"index, follow, max-snippet:-1, max-image-preview:large, max-video-preview:-1\" \/>\n<link rel=\"canonical\" href=\"https:\/\/www.sani-spa.fr\/collection\/produit\/huiles-essentielles-velours-de-spa-eucalyptus-menthe\/\" \/>\n<meta property=\"og:locale\" content=\"fr_FR\" \/>\n<meta property=\"og:type\" content=\"article\" \/>\n<meta property=\"og:title\" content=\"Huiles Essentielles Velours de Spa Eucalyptus &amp; Menthe | Sani Spa Collection\" \/>\n<meta property=\"og:description\" content=\"Les huiles essentielles d&#039;eucalyptus sont \u00a0les plus utilis\u00e9es pour leurs biens-faits. La puissance du parfum d&#039;eucalyptus donne une impression de fraicheur ultime et de vitalit\u00e9. Ce parfum est particuli\u00e8rement recommand\u00e9 dans les affections respiratoires, cette plante est tr\u00e8s utilis\u00e9e dans des compositions pharmaceutiques pour ses multiples vertus anti-inflammatoires et anti-infectieuses.  Associ\u00e9es \u00e0 la menthe pour ses vertus rafra\u00eechissantes,\u00a0 mais aussi pour ses propri\u00e9t\u00e9s stimulantes et aphrodisiaques. Depuis de nombreuses ann\u00e9es, la menthe est utilis\u00e9e comme tonique, pour aider \u00e0 la digestion ainsi qu&#039;au traitement contre les rhumes, la toux et la fi\u00e8vre.  Utilisation:  Parfaitement soluble dans l&#039;eau, versez 2 \u00e0 3 bouchons directement dans l&#039;eau de votre spa (pour un spa d&#039;une contenance moyenne de 1500 litres).   Contenance du flacon : 250mL\" \/>\n<meta property=\"og:url\" content=\"https:\/\/www.sani-spa.fr\/collection\/produit\/huiles-essentielles-velours-de-spa-eucalyptus-menthe\/\" \/>\n<meta property=\"og:site_name\" content=\"Sani Spa Collection\" \/>\n<meta property=\"article:publisher\" content=\"https:\/\/www.facebook.com\/sarlsanispa\" \/>\n<meta property=\"article:modified_time\" content=\"2023-05-14T11:17:34+00:00\" \/>\n<meta property=\"og:image\" content=\"http:\/\/www.sani-spa.fr\/collection\/wp-collection\/uploads\/2020\/04\/spa_bien-etre_VELOURS-DE-SPA-3828.jpg\" \/>\n\t<meta property=\"og:image:width\" content=\"370\" \/>\n\t<meta property=\"og:image:height\" content=\"394\" \/>\n\t<meta property=\"og:image:type\" content=\"image\/jpeg\" \/>\n<meta name=\"twitter:card\" content=\"summary_large_image\" \/>\n<script type=\"application\/ld+json\" class=\"yoast-schema-graph\">{\"@context\":\"https:\/\/schema.org\",\"@graph\":[{\"@type\":\"WebPage\",\"@id\":\"https:\/\/www.sani-spa.fr\/collection\/produit\/huiles-essentielles-velours-de-spa-eucalyptus-menthe\/\",\"url\":\"https:\/\/www.sani-spa.fr\/collection\/produit\/huiles-essentielles-velours-de-spa-eucalyptus-menthe\/\",\"name\":\"Huiles Essentielles Velours de Spa Eucalyptus & Menthe | Sani Spa Collection\",\"isPartOf\":{\"@id\":\"https:\/\/www.sani-spa.fr\/collection\/#website\"},\"primaryImageOfPage\":{\"@id\":\"https:\/\/www.sani-spa.fr\/collection\/produit\/huiles-essentielles-velours-de-spa-eucalyptus-menthe\/#primaryimage\"},\"image\":{\"@id\":\"https:\/\/www.sani-spa.fr\/collection\/produit\/huiles-essentielles-velours-de-spa-eucalyptus-menthe\/#primaryimage\"},\"thumbnailUrl\":\"https:\/\/www.sani-spa.fr\/collection\/wp-collection\/uploads\/2020\/04\/spa_bien-etre_VELOURS-DE-SPA-3828.jpg\",\"datePublished\":\"2020-04-01T13:07:41+00:00\",\"dateModified\":\"2023-05-14T11:17:34+00:00\",\"breadcrumb\":{\"@id\":\"https:\/\/www.sani-spa.fr\/collection\/produit\/huiles-essentielles-velours-de-spa-eucalyptus-menthe\/#breadcrumb\"},\"inLanguage\":\"fr-FR\",\"potentialAction\":[{\"@type\":\"ReadAction\",\"target\":[\"https:\/\/www.sani-spa.fr\/collection\/produit\/huiles-essentielles-velours-de-spa-eucalyptus-menthe\/\"]}]},{\"@type\":\"ImageObject\",\"inLanguage\":\"fr-FR\",\"@id\":\"https:\/\/www.sani-spa.fr\/collection\/produit\/huiles-essentielles-velours-de-spa-eucalyptus-menthe\/#primaryimage\",\"url\":\"https:\/\/www.sani-spa.fr\/collection\/wp-collection\/uploads\/2020\/04\/spa_bien-etre_VELOURS-DE-SPA-3828.jpg\",\"contentUrl\":\"https:\/\/www.sani-spa.fr\/collection\/wp-collection\/uploads\/2020\/04\/spa_bien-etre_VELOURS-DE-SPA-3828.jpg\",\"width\":370,\"height\":394},{\"@type\":\"BreadcrumbList\",\"@id\":\"https:\/\/www.sani-spa.fr\/collection\/produit\/huiles-essentielles-velours-de-spa-eucalyptus-menthe\/#breadcrumb\",\"itemListElement\":[{\"@type\":\"ListItem\",\"position\":1,\"name\":\"Accueil\",\"item\":\"https:\/\/www.sani-spa.fr\/collection\/\"},{\"@type\":\"ListItem\",\"position\":2,\"name\":\"Sani Spa CollectionPi\u00e8ces D\u00e9tach\u00e9es &amp; Accessoires pour Spas\",\"item\":\"https:\/\/www.sani-spa.fr\/collection\/\"},{\"@type\":\"ListItem\",\"position\":3,\"name\":\"Huiles Essentielles Velours de Spa Eucalyptus &#038; Menthe\"}]},{\"@type\":\"WebSite\",\"@id\":\"https:\/\/www.sani-spa.fr\/collection\/#website\",\"url\":\"https:\/\/www.sani-spa.fr\/collection\/\",\"name\":\"Sani Spa Collection\",\"description\":\"Boutique spas &amp; accessoires spa\",\"publisher\":{\"@id\":\"https:\/\/www.sani-spa.fr\/collection\/#organization\"},\"potentialAction\":[{\"@type\":\"SearchAction\",\"target\":{\"@type\":\"EntryPoint\",\"urlTemplate\":\"https:\/\/www.sani-spa.fr\/collection\/?s={search_term_string}\"},\"query-input\":{\"@type\":\"PropertyValueSpecification\",\"valueRequired\":true,\"valueName\":\"search_term_string\"}}],\"inLanguage\":\"fr-FR\"},{\"@type\":\"Organization\",\"@id\":\"https:\/\/www.sani-spa.fr\/collection\/#organization\",\"name\":\"Sani Spa Collection\",\"url\":\"https:\/\/www.sani-spa.fr\/collection\/\",\"logo\":{\"@type\":\"ImageObject\",\"inLanguage\":\"fr-FR\",\"@id\":\"https:\/\/www.sani-spa.fr\/collection\/#\/schema\/logo\/image\/\",\"url\":\"https:\/\/www.sani-spa.fr\/collection\/wp-collection\/uploads\/2017\/10\/logo-sani-spa-collection.png\",\"contentUrl\":\"https:\/\/www.sani-spa.fr\/collection\/wp-collection\/uploads\/2017\/10\/logo-sani-spa-collection.png\",\"width\":231,\"height\":54,\"caption\":\"Sani Spa Collection\"},\"image\":{\"@id\":\"https:\/\/www.sani-spa.fr\/collection\/#\/schema\/logo\/image\/\"},\"sameAs\":[\"https:\/\/www.facebook.com\/sarlsanispa\"]}]}<\/script>\n<!-- \/ Yoast SEO plugin. -->","yoast_head_json":{"title":"Huiles Essentielles Velours de Spa Eucalyptus & Menthe | Sani Spa Collection","robots":{"index":"index","follow":"follow","max-snippet":"max-snippet:-1","max-image-preview":"max-image-preview:large","max-video-preview":"max-video-preview:-1"},"canonical":"https:\/\/www.sani-spa.fr\/collection\/produit\/huiles-essentielles-velours-de-spa-eucalyptus-menthe\/","og_locale":"fr_FR","og_type":"article","og_title":"Huiles Essentielles Velours de Spa Eucalyptus & Menthe | Sani Spa Collection","og_description":"Les huiles essentielles d'eucalyptus sont \u00a0les plus utilis\u00e9es pour leurs biens-faits. La puissance du parfum d'eucalyptus donne une impression de fraicheur ultime et de vitalit\u00e9. Ce parfum est particuli\u00e8rement recommand\u00e9 dans les affections respiratoires, cette plante est tr\u00e8s utilis\u00e9e dans des compositions pharmaceutiques pour ses multiples vertus anti-inflammatoires et anti-infectieuses.  Associ\u00e9es \u00e0 la menthe pour ses vertus rafra\u00eechissantes,\u00a0 mais aussi pour ses propri\u00e9t\u00e9s stimulantes et aphrodisiaques. Depuis de nombreuses ann\u00e9es, la menthe est utilis\u00e9e comme tonique, pour aider \u00e0 la digestion ainsi qu'au traitement contre les rhumes, la toux et la fi\u00e8vre.  Utilisation:  Parfaitement soluble dans l'eau, versez 2 \u00e0 3 bouchons directement dans l'eau de votre spa (pour un spa d'une contenance moyenne de 1500 litres).   Contenance du flacon : 250mL","og_url":"https:\/\/www.sani-spa.fr\/collection\/produit\/huiles-essentielles-velours-de-spa-eucalyptus-menthe\/","og_site_name":"Sani Spa Collection","article_publisher":"https:\/\/www.facebook.com\/sarlsanispa","article_modified_time":"2023-05-14T11:17:34+00:00","og_image":[{"width":370,"height":394,"url":"http:\/\/www.sani-spa.fr\/collection\/wp-collection\/uploads\/2020\/04\/spa_bien-etre_VELOURS-DE-SPA-3828.jpg","type":"image\/jpeg"}],"twitter_card":"summary_large_image","schema":{"@context":"https:\/\/schema.org","@graph":[{"@type":"WebPage","@id":"https:\/\/www.sani-spa.fr\/collection\/produit\/huiles-essentielles-velours-de-spa-eucalyptus-menthe\/","url":"https:\/\/www.sani-spa.fr\/collection\/produit\/huiles-essentielles-velours-de-spa-eucalyptus-menthe\/","name":"Huiles Essentielles Velours de Spa Eucalyptus & Menthe | Sani Spa Collection","isPartOf":{"@id":"https:\/\/www.sani-spa.fr\/collection\/#website"},"primaryImageOfPage":{"@id":"https:\/\/www.sani-spa.fr\/collection\/produit\/huiles-essentielles-velours-de-spa-eucalyptus-menthe\/#primaryimage"},"image":{"@id":"https:\/\/www.sani-spa.fr\/collection\/produit\/huiles-essentielles-velours-de-spa-eucalyptus-menthe\/#primaryimage"},"thumbnailUrl":"https:\/\/www.sani-spa.fr\/collection\/wp-collection\/uploads\/2020\/04\/spa_bien-etre_VELOURS-DE-SPA-3828.jpg","datePublished":"2020-04-01T13:07:41+00:00","dateModified":"2023-05-14T11:17:34+00:00","breadcrumb":{"@id":"https:\/\/www.sani-spa.fr\/collection\/produit\/huiles-essentielles-velours-de-spa-eucalyptus-menthe\/#breadcrumb"},"inLanguage":"fr-FR","potentialAction":[{"@type":"ReadAction","target":["https:\/\/www.sani-spa.fr\/collection\/produit\/huiles-essentielles-velours-de-spa-eucalyptus-menthe\/"]}]},{"@type":"ImageObject","inLanguage":"fr-FR","@id":"https:\/\/www.sani-spa.fr\/collection\/produit\/huiles-essentielles-velours-de-spa-eucalyptus-menthe\/#primaryimage","url":"https:\/\/www.sani-spa.fr\/collection\/wp-collection\/uploads\/2020\/04\/spa_bien-etre_VELOURS-DE-SPA-3828.jpg","contentUrl":"https:\/\/www.sani-spa.fr\/collection\/wp-collection\/uploads\/2020\/04\/spa_bien-etre_VELOURS-DE-SPA-3828.jpg","width":370,"height":394},{"@type":"BreadcrumbList","@id":"https:\/\/www.sani-spa.fr\/collection\/produit\/huiles-essentielles-velours-de-spa-eucalyptus-menthe\/#breadcrumb","itemListElement":[{"@type":"ListItem","position":1,"name":"Accueil","item":"https:\/\/www.sani-spa.fr\/collection\/"},{"@type":"ListItem","position":2,"name":"Sani Spa CollectionPi\u00e8ces D\u00e9tach\u00e9es &amp; Accessoires pour Spas","item":"https:\/\/www.sani-spa.fr\/collection\/"},{"@type":"ListItem","position":3,"name":"Huiles Essentielles Velours de Spa Eucalyptus &#038; Menthe"}]},{"@type":"WebSite","@id":"https:\/\/www.sani-spa.fr\/collection\/#website","url":"https:\/\/www.sani-spa.fr\/collection\/","name":"Sani Spa Collection","description":"Boutique spas &amp; accessoires spa","publisher":{"@id":"https:\/\/www.sani-spa.fr\/collection\/#organization"},"potentialAction":[{"@type":"SearchAction","target":{"@type":"EntryPoint","urlTemplate":"https:\/\/www.sani-spa.fr\/collection\/?s={search_term_string}"},"query-input":{"@type":"PropertyValueSpecification","valueRequired":true,"valueName":"search_term_string"}}],"inLanguage":"fr-FR"},{"@type":"Organization","@id":"https:\/\/www.sani-spa.fr\/collection\/#organization","name":"Sani Spa Collection","url":"https:\/\/www.sani-spa.fr\/collection\/","logo":{"@type":"ImageObject","inLanguage":"fr-FR","@id":"https:\/\/www.sani-spa.fr\/collection\/#\/schema\/logo\/image\/","url":"https:\/\/www.sani-spa.fr\/collection\/wp-collection\/uploads\/2017\/10\/logo-sani-spa-collection.png","contentUrl":"https:\/\/www.sani-spa.fr\/collection\/wp-collection\/uploads\/2017\/10\/logo-sani-spa-collection.png","width":231,"height":54,"caption":"Sani Spa Collection"},"image":{"@id":"https:\/\/www.sani-spa.fr\/collection\/#\/schema\/logo\/image\/"},"sameAs":["https:\/\/www.facebook.com\/sarlsanispa"]}]}},"jetpack_sharing_enabled":true,"_links":{"self":[{"href":"https:\/\/www.sani-spa.fr\/collection\/wp-json\/wp\/v2\/product\/1452","targetHints":{"allow":["GET"]}}],"collection":[{"href":"https:\/\/www.sani-spa.fr\/collection\/wp-json\/wp\/v2\/product"}],"about":[{"href":"https:\/\/www.sani-spa.fr\/collection\/wp-json\/wp\/v2\/types\/product"}],"replies":[{"embeddable":true,"href":"https:\/\/www.sani-spa.fr\/collection\/wp-json\/wp\/v2\/comments?post=1452"}],"wp:featuredmedia":[{"embeddable":true,"href":"https:\/\/www.sani-spa.fr\/collection\/wp-json\/wp\/v2\/media\/1451"}],"wp:attachment":[{"href":"https:\/\/www.sani-spa.fr\/collection\/wp-json\/wp\/v2\/media?parent=1452"}],"wp:term":[{"taxonomy":"product_brand","embeddable":true,"href":"https:\/\/www.sani-spa.fr\/collection\/wp-json\/wp\/v2\/product_brand?post=1452"},{"taxonomy":"product_cat","embeddable":true,"href":"https:\/\/www.sani-spa.fr\/collection\/wp-json\/wp\/v2\/product_cat?post=1452"},{"taxonomy":"product_tag","embeddable":true,"href":"https:\/\/www.sani-spa.fr\/collection\/wp-json\/wp\/v2\/product_tag?post=1452"}],"curies":[{"name":"wp","href":"https:\/\/api.w.org\/{rel}","templated":true}]}}