{"id":1511,"date":"2020-04-05T14:30:56","date_gmt":"2020-04-05T12:30:56","guid":{"rendered":"https:\/\/www.sani-spa.fr\/collection\/?post_type=product&#038;p=1511"},"modified":"2022-11-29T14:48:47","modified_gmt":"2022-11-29T13:48:47","slug":"cable-et-prise-amp-pour-pompe-bi-vitesse","status":"publish","type":"product","link":"https:\/\/www.sani-spa.fr\/collection\/produit\/cable-et-prise-amp-pour-pompe-bi-vitesse\/","title":{"rendered":"C\u00e2ble et Prise AMP pour pompe bi-vitesse"},"content":{"rendered":"<p>C\u00e2ble et prise AMP pour raccordement d&#8217;une <a href=\"https:\/\/www.sani-spa.fr\/collection\/produit\/pompe-de-massage-bi-vitesse-wp300ii-3hp\/\">pompe bi-vitesse<\/a> sur un <a href=\"https:\/\/www.sani-spa.fr\/collection\/produit\/boitier-de-controle-balboa-gs510sz\/\">boitier balboa.<\/a><\/p>\n<p>Il faut raccorder les 4 fils (Noir\u00a0pour 1 vitesse , Rouge pour l&#8217;autre vitesse, Blanc neutre et Vert terre) \u00e0 votre pompe Bi-vitesse, puis brancher la prise Amp directement \u00e0 la carte \u00e9lectronique situ\u00e9e \u00e0 l&#8217;int\u00e9rieur du boitier de contr\u00f4le du spa ou pour certain mod\u00e8le de boitier sur le cot\u00e9 ext\u00e9rieur.\u00a0<strong><br \/>\n<\/strong><\/p>\n","protected":false},"excerpt":{"rendered":"<p>C\u00e2ble de connexion avec prise AMP pour pompe bi-vitesses.<br \/>\nG\u00e9n\u00e9ralement utilis\u00e9 pour les boitiers de contr\u00f4le Balboa.<\/p>\n<p><b>Caract\u00e9ristiques \u00e9lectriques :\u00a0<\/b><\/p>\n<ul>\n<li>Section du c\u00e2ble : 2,08 mm\u00b2<\/li>\n<li>Courant maximal : 16A<\/li>\n<li>Puissance maximale : 3000W<\/li>\n<\/ul>\n","protected":false},"featured_media":1512,"comment_status":"open","ping_status":"closed","template":"","meta":[],"product_brand":[],"product_cat":[18,35],"product_tag":[],"class_list":{"0":"post-1511","1":"product","2":"type-product","3":"status-publish","4":"has-post-thumbnail","6":"product_cat-pieces-detachees","7":"product_cat-pieces-pour-pompes-de-spas","8":"product_shipping_class-consomables","10":"first","11":"instock","12":"taxable","13":"shipping-taxable","14":"purchasable","15":"product-type-simple"},"yoast_head":"<!-- This site is optimized with the Yoast SEO plugin v27.0 - https:\/\/yoast.com\/product\/yoast-seo-wordpress\/ -->\n<title>C\u00e2ble et Prise AMP pour pompe bi-vitesse | Sani Spa Collection<\/title>\n<meta name=\"robots\" content=\"index, follow, max-snippet:-1, max-image-preview:large, max-video-preview:-1\" \/>\n<link rel=\"canonical\" href=\"https:\/\/www.sani-spa.fr\/collection\/produit\/cable-et-prise-amp-pour-pompe-bi-vitesse\/\" \/>\n<meta property=\"og:locale\" content=\"fr_FR\" \/>\n<meta property=\"og:type\" content=\"article\" \/>\n<meta property=\"og:title\" content=\"C\u00e2ble et Prise AMP pour pompe bi-vitesse | Sani Spa Collection\" \/>\n<meta property=\"og:description\" content=\"C\u00e2ble de connexion avec prise AMP pour pompe bi-vitesses. G\u00e9n\u00e9ralement utilis\u00e9 pour les boitiers de contr\u00f4le Balboa.  Caract\u00e9ristiques \u00e9lectriques :\u00a0   Section du c\u00e2ble : 2,08 mm\u00b2  Courant maximal : 16A  Puissance maximale : 3000W\" \/>\n<meta property=\"og:url\" content=\"https:\/\/www.sani-spa.fr\/collection\/produit\/cable-et-prise-amp-pour-pompe-bi-vitesse\/\" \/>\n<meta property=\"og:site_name\" content=\"Sani Spa Collection\" \/>\n<meta property=\"article:publisher\" content=\"https:\/\/www.facebook.com\/sarlsanispa\" \/>\n<meta property=\"article:modified_time\" content=\"2022-11-29T13:48:47+00:00\" \/>\n<meta property=\"og:image\" content=\"https:\/\/www.sani-spa.fr\/collection\/wp-collection\/uploads\/2020\/04\/CableAMPompeBiVitesse-im-600x480.jpg\" \/>\n\t<meta property=\"og:image:width\" content=\"600\" \/>\n\t<meta property=\"og:image:height\" content=\"480\" \/>\n\t<meta property=\"og:image:type\" content=\"image\/jpeg\" \/>\n<meta name=\"twitter:card\" content=\"summary_large_image\" \/>\n<script type=\"application\/ld+json\" class=\"yoast-schema-graph\">{\"@context\":\"https:\/\/schema.org\",\"@graph\":[{\"@type\":\"WebPage\",\"@id\":\"https:\/\/www.sani-spa.fr\/collection\/produit\/cable-et-prise-amp-pour-pompe-bi-vitesse\/\",\"url\":\"https:\/\/www.sani-spa.fr\/collection\/produit\/cable-et-prise-amp-pour-pompe-bi-vitesse\/\",\"name\":\"C\u00e2ble et Prise AMP pour pompe bi-vitesse | Sani Spa Collection\",\"isPartOf\":{\"@id\":\"https:\/\/www.sani-spa.fr\/collection\/#website\"},\"primaryImageOfPage\":{\"@id\":\"https:\/\/www.sani-spa.fr\/collection\/produit\/cable-et-prise-amp-pour-pompe-bi-vitesse\/#primaryimage\"},\"image\":{\"@id\":\"https:\/\/www.sani-spa.fr\/collection\/produit\/cable-et-prise-amp-pour-pompe-bi-vitesse\/#primaryimage\"},\"thumbnailUrl\":\"https:\/\/www.sani-spa.fr\/collection\/wp-collection\/uploads\/2020\/04\/CableAMPompeBiVitesse-im-600x480.jpg\",\"datePublished\":\"2020-04-05T12:30:56+00:00\",\"dateModified\":\"2022-11-29T13:48:47+00:00\",\"breadcrumb\":{\"@id\":\"https:\/\/www.sani-spa.fr\/collection\/produit\/cable-et-prise-amp-pour-pompe-bi-vitesse\/#breadcrumb\"},\"inLanguage\":\"fr-FR\",\"potentialAction\":[{\"@type\":\"ReadAction\",\"target\":[\"https:\/\/www.sani-spa.fr\/collection\/produit\/cable-et-prise-amp-pour-pompe-bi-vitesse\/\"]}]},{\"@type\":\"ImageObject\",\"inLanguage\":\"fr-FR\",\"@id\":\"https:\/\/www.sani-spa.fr\/collection\/produit\/cable-et-prise-amp-pour-pompe-bi-vitesse\/#primaryimage\",\"url\":\"https:\/\/www.sani-spa.fr\/collection\/wp-collection\/uploads\/2020\/04\/CableAMPompeBiVitesse-im-600x480.jpg\",\"contentUrl\":\"https:\/\/www.sani-spa.fr\/collection\/wp-collection\/uploads\/2020\/04\/CableAMPompeBiVitesse-im-600x480.jpg\",\"width\":600,\"height\":480},{\"@type\":\"BreadcrumbList\",\"@id\":\"https:\/\/www.sani-spa.fr\/collection\/produit\/cable-et-prise-amp-pour-pompe-bi-vitesse\/#breadcrumb\",\"itemListElement\":[{\"@type\":\"ListItem\",\"position\":1,\"name\":\"Accueil\",\"item\":\"https:\/\/www.sani-spa.fr\/collection\/\"},{\"@type\":\"ListItem\",\"position\":2,\"name\":\"Sani Spa CollectionPi\u00e8ces D\u00e9tach\u00e9es &amp; Accessoires pour Spas\",\"item\":\"https:\/\/www.sani-spa.fr\/collection\/\"},{\"@type\":\"ListItem\",\"position\":3,\"name\":\"C\u00e2ble et Prise AMP pour pompe bi-vitesse\"}]},{\"@type\":\"WebSite\",\"@id\":\"https:\/\/www.sani-spa.fr\/collection\/#website\",\"url\":\"https:\/\/www.sani-spa.fr\/collection\/\",\"name\":\"Sani Spa Collection\",\"description\":\"Boutique spas &amp; accessoires spa\",\"publisher\":{\"@id\":\"https:\/\/www.sani-spa.fr\/collection\/#organization\"},\"potentialAction\":[{\"@type\":\"SearchAction\",\"target\":{\"@type\":\"EntryPoint\",\"urlTemplate\":\"https:\/\/www.sani-spa.fr\/collection\/?s={search_term_string}\"},\"query-input\":{\"@type\":\"PropertyValueSpecification\",\"valueRequired\":true,\"valueName\":\"search_term_string\"}}],\"inLanguage\":\"fr-FR\"},{\"@type\":\"Organization\",\"@id\":\"https:\/\/www.sani-spa.fr\/collection\/#organization\",\"name\":\"Sani Spa Collection\",\"url\":\"https:\/\/www.sani-spa.fr\/collection\/\",\"logo\":{\"@type\":\"ImageObject\",\"inLanguage\":\"fr-FR\",\"@id\":\"https:\/\/www.sani-spa.fr\/collection\/#\/schema\/logo\/image\/\",\"url\":\"https:\/\/www.sani-spa.fr\/collection\/wp-collection\/uploads\/2017\/10\/logo-sani-spa-collection.png\",\"contentUrl\":\"https:\/\/www.sani-spa.fr\/collection\/wp-collection\/uploads\/2017\/10\/logo-sani-spa-collection.png\",\"width\":231,\"height\":54,\"caption\":\"Sani Spa Collection\"},\"image\":{\"@id\":\"https:\/\/www.sani-spa.fr\/collection\/#\/schema\/logo\/image\/\"},\"sameAs\":[\"https:\/\/www.facebook.com\/sarlsanispa\"]}]}<\/script>\n<!-- \/ Yoast SEO plugin. -->","yoast_head_json":{"title":"C\u00e2ble et Prise AMP pour pompe bi-vitesse | Sani Spa Collection","robots":{"index":"index","follow":"follow","max-snippet":"max-snippet:-1","max-image-preview":"max-image-preview:large","max-video-preview":"max-video-preview:-1"},"canonical":"https:\/\/www.sani-spa.fr\/collection\/produit\/cable-et-prise-amp-pour-pompe-bi-vitesse\/","og_locale":"fr_FR","og_type":"article","og_title":"C\u00e2ble et Prise AMP pour pompe bi-vitesse | Sani Spa Collection","og_description":"C\u00e2ble de connexion avec prise AMP pour pompe bi-vitesses. G\u00e9n\u00e9ralement utilis\u00e9 pour les boitiers de contr\u00f4le Balboa.  Caract\u00e9ristiques \u00e9lectriques :\u00a0   Section du c\u00e2ble : 2,08 mm\u00b2  Courant maximal : 16A  Puissance maximale : 3000W","og_url":"https:\/\/www.sani-spa.fr\/collection\/produit\/cable-et-prise-amp-pour-pompe-bi-vitesse\/","og_site_name":"Sani Spa Collection","article_publisher":"https:\/\/www.facebook.com\/sarlsanispa","article_modified_time":"2022-11-29T13:48:47+00:00","og_image":[{"width":600,"height":480,"url":"https:\/\/www.sani-spa.fr\/collection\/wp-collection\/uploads\/2020\/04\/CableAMPompeBiVitesse-im-600x480.jpg","type":"image\/jpeg"}],"twitter_card":"summary_large_image","schema":{"@context":"https:\/\/schema.org","@graph":[{"@type":"WebPage","@id":"https:\/\/www.sani-spa.fr\/collection\/produit\/cable-et-prise-amp-pour-pompe-bi-vitesse\/","url":"https:\/\/www.sani-spa.fr\/collection\/produit\/cable-et-prise-amp-pour-pompe-bi-vitesse\/","name":"C\u00e2ble et Prise AMP pour pompe bi-vitesse | Sani Spa Collection","isPartOf":{"@id":"https:\/\/www.sani-spa.fr\/collection\/#website"},"primaryImageOfPage":{"@id":"https:\/\/www.sani-spa.fr\/collection\/produit\/cable-et-prise-amp-pour-pompe-bi-vitesse\/#primaryimage"},"image":{"@id":"https:\/\/www.sani-spa.fr\/collection\/produit\/cable-et-prise-amp-pour-pompe-bi-vitesse\/#primaryimage"},"thumbnailUrl":"https:\/\/www.sani-spa.fr\/collection\/wp-collection\/uploads\/2020\/04\/CableAMPompeBiVitesse-im-600x480.jpg","datePublished":"2020-04-05T12:30:56+00:00","dateModified":"2022-11-29T13:48:47+00:00","breadcrumb":{"@id":"https:\/\/www.sani-spa.fr\/collection\/produit\/cable-et-prise-amp-pour-pompe-bi-vitesse\/#breadcrumb"},"inLanguage":"fr-FR","potentialAction":[{"@type":"ReadAction","target":["https:\/\/www.sani-spa.fr\/collection\/produit\/cable-et-prise-amp-pour-pompe-bi-vitesse\/"]}]},{"@type":"ImageObject","inLanguage":"fr-FR","@id":"https:\/\/www.sani-spa.fr\/collection\/produit\/cable-et-prise-amp-pour-pompe-bi-vitesse\/#primaryimage","url":"https:\/\/www.sani-spa.fr\/collection\/wp-collection\/uploads\/2020\/04\/CableAMPompeBiVitesse-im-600x480.jpg","contentUrl":"https:\/\/www.sani-spa.fr\/collection\/wp-collection\/uploads\/2020\/04\/CableAMPompeBiVitesse-im-600x480.jpg","width":600,"height":480},{"@type":"BreadcrumbList","@id":"https:\/\/www.sani-spa.fr\/collection\/produit\/cable-et-prise-amp-pour-pompe-bi-vitesse\/#breadcrumb","itemListElement":[{"@type":"ListItem","position":1,"name":"Accueil","item":"https:\/\/www.sani-spa.fr\/collection\/"},{"@type":"ListItem","position":2,"name":"Sani Spa CollectionPi\u00e8ces D\u00e9tach\u00e9es &amp; Accessoires pour Spas","item":"https:\/\/www.sani-spa.fr\/collection\/"},{"@type":"ListItem","position":3,"name":"C\u00e2ble et Prise AMP pour pompe bi-vitesse"}]},{"@type":"WebSite","@id":"https:\/\/www.sani-spa.fr\/collection\/#website","url":"https:\/\/www.sani-spa.fr\/collection\/","name":"Sani Spa Collection","description":"Boutique spas &amp; accessoires spa","publisher":{"@id":"https:\/\/www.sani-spa.fr\/collection\/#organization"},"potentialAction":[{"@type":"SearchAction","target":{"@type":"EntryPoint","urlTemplate":"https:\/\/www.sani-spa.fr\/collection\/?s={search_term_string}"},"query-input":{"@type":"PropertyValueSpecification","valueRequired":true,"valueName":"search_term_string"}}],"inLanguage":"fr-FR"},{"@type":"Organization","@id":"https:\/\/www.sani-spa.fr\/collection\/#organization","name":"Sani Spa Collection","url":"https:\/\/www.sani-spa.fr\/collection\/","logo":{"@type":"ImageObject","inLanguage":"fr-FR","@id":"https:\/\/www.sani-spa.fr\/collection\/#\/schema\/logo\/image\/","url":"https:\/\/www.sani-spa.fr\/collection\/wp-collection\/uploads\/2017\/10\/logo-sani-spa-collection.png","contentUrl":"https:\/\/www.sani-spa.fr\/collection\/wp-collection\/uploads\/2017\/10\/logo-sani-spa-collection.png","width":231,"height":54,"caption":"Sani Spa Collection"},"image":{"@id":"https:\/\/www.sani-spa.fr\/collection\/#\/schema\/logo\/image\/"},"sameAs":["https:\/\/www.facebook.com\/sarlsanispa"]}]}},"jetpack_sharing_enabled":true,"_links":{"self":[{"href":"https:\/\/www.sani-spa.fr\/collection\/wp-json\/wp\/v2\/product\/1511","targetHints":{"allow":["GET"]}}],"collection":[{"href":"https:\/\/www.sani-spa.fr\/collection\/wp-json\/wp\/v2\/product"}],"about":[{"href":"https:\/\/www.sani-spa.fr\/collection\/wp-json\/wp\/v2\/types\/product"}],"replies":[{"embeddable":true,"href":"https:\/\/www.sani-spa.fr\/collection\/wp-json\/wp\/v2\/comments?post=1511"}],"wp:featuredmedia":[{"embeddable":true,"href":"https:\/\/www.sani-spa.fr\/collection\/wp-json\/wp\/v2\/media\/1512"}],"wp:attachment":[{"href":"https:\/\/www.sani-spa.fr\/collection\/wp-json\/wp\/v2\/media?parent=1511"}],"wp:term":[{"taxonomy":"product_brand","embeddable":true,"href":"https:\/\/www.sani-spa.fr\/collection\/wp-json\/wp\/v2\/product_brand?post=1511"},{"taxonomy":"product_cat","embeddable":true,"href":"https:\/\/www.sani-spa.fr\/collection\/wp-json\/wp\/v2\/product_cat?post=1511"},{"taxonomy":"product_tag","embeddable":true,"href":"https:\/\/www.sani-spa.fr\/collection\/wp-json\/wp\/v2\/product_tag?post=1511"}],"curies":[{"name":"wp","href":"https:\/\/api.w.org\/{rel}","templated":true}]}}