{"id":948,"date":"2020-02-07T12:16:53","date_gmt":"2020-02-07T11:16:53","guid":{"rendered":"https:\/\/www.sani-spa.fr\/collection\/?post_type=product&#038;p=948"},"modified":"2022-02-16T18:18:45","modified_gmt":"2022-02-16T17:18:45","slug":"boitier-de-gestion-balboa-bp6013g2","status":"publish","type":"product","link":"https:\/\/www.sani-spa.fr\/collection\/produit\/boitier-de-gestion-balboa-bp6013g2\/","title":{"rendered":"Boitier de Gestion Balboa BP6013G2 + R\u00e9chauffeur"},"content":{"rendered":"<p>Ce boitier de contr\u00f4le g\u00e8re\u00a0<strong><a href=\"https:\/\/www.sani-spa.fr\/collection\/categorie-produit\/pieces-detachees\/pompes-massage\/\">3 pompes de massage<\/a> ou 2 pompes + <a href=\"https:\/\/www.sani-spa.fr\/collection\/categorie-produit\/pieces-detachees\/blower\/\">1 blower<\/a><\/strong><br \/>\n<a href=\"https:\/\/www.sani-spa.fr\/collection\/produit\/module-wifi-balboa\/\">Module WIFI<\/a> disponible pour le contr\u00f4le \u00e0 distance<br \/>\n<strong>Remplace les boitiers BP601<\/strong><\/p>\n<ul>\n<li>Compatible avec tous les claviers de commandes de la s\u00e9rie TP (TP400 \u2013 \u00a0<a href=\"https:\/\/www.sani-spa.fr\/collection\/produit\/clavier-de-commande-balboa-tp600\/\">TP600<\/a> \u2013 <a href=\"https:\/\/www.sani-spa.fr\/collection\/produit\/clavier-de-controle-balboa-tp800\/\">TP800<\/a> \u2013 <a href=\"https:\/\/www.sani-spa.fr\/collection\/produit\/clavier-de-controle-balboa-tp900\/\">TP900<\/a> \u2013 <a href=\"https:\/\/www.sani-spa.fr\/collection\/produit\/clavier-de-commande-spatouch\/\">SPATOUCH1<\/a> \u2013 SPATOUCH2 \u2013 SPATOUCH2T \u2013 SPATOUCHrect)<\/li>\n<\/ul>\n<p>La s\u00e9rie BP de Balboa instruments int\u00e8gre un nouveau module de gestion \u00e9lectronique beaucoup plus performant.<br \/>\nCapable \u00e9galement de prendre en charge un <a href=\"https:\/\/www.sani-spa.fr\/collection\/produit\/rechauffeur-balboa-3-kw-pour-boitier-bp\/\">r\u00e9chauffeur de plus de 3kW<\/a>, Balboa Instrument a une fois de plus exprim\u00e9 son statut de leader dans la qualit\u00e9 de ces syst\u00e8mes de contr\u00f4les.<br \/>\nSon exceptionnelle souplesse de fonctions la place au rang des produits haut de gamme en termes de performances.<br \/>\nLa technologie de ses<a href=\"https:\/\/www.sani-spa.fr\/collection\/produit\/sondes-balboa-m7-30cm\/\"> Sondes M7<\/a> a \u00e9t\u00e9 repens\u00e9e, dot\u00e9e\u00a0 maintenant d&#8217;un microprocesseur d\u00e9di\u00e9 \u00e0 la gestion de la temp\u00e9rature, celle-ci enclenchera directement la s\u00e9curit\u00e9 pour \u00e9viter toutes surchauffes \u00e9ventuelles.<\/p>\n","protected":false},"excerpt":{"rendered":"<div>Il existe plusieurs mod\u00e8les de BP6013 (BP6013G1, BP6013G2 et BP6013G3). Le choix du mod\u00e8le sera d\u00e9termin\u00e9 par le nombre de pompes de massage\/blower disponibles dans votre spa.<\/div>\n<ul>\n<li>BP6013G1 : Capable de contr\u00f4ler 2 pompes de massage ou 1 pompe de massage et 1 blower<\/li>\n<li><strong>BP6013G2 : Capable de contr\u00f4ler 3 pompes de massage ou 2 pompes de massage et 1 blower<\/strong><\/li>\n<li>BP6013G3 : Capable de contr\u00f4ler 3 pompes de massage ET 1 blower<\/li>\n<\/ul>\n<p><b>SP\u00c9CIFICIT\u00c9S:<\/b><\/p>\n<ul>\n<li>Alimentation : Mono ou Triphas\u00e9 220\/240V 50Hz<\/li>\n<li>Pompes de massage : 3 ou 2 + blower 220\/240V<\/li>\n<li>Blower : 1 si pas de pompe 3 220\/240V<\/li>\n<li>Ozonateur 220\/240V<\/li>\n<li>R\u00e9chauffeur 3kW int\u00e9gr\u00e9<\/li>\n<li>Compatible module Wifi 51159<\/li>\n<li>Auxiliaire 220\/240V<\/li>\n<li>\u00c9clairage : 1 sortie 12V<\/li>\n<\/ul>\n","protected":false},"featured_media":782,"comment_status":"open","ping_status":"closed","template":"","meta":[],"product_brand":[],"product_cat":[18,27,44],"product_tag":[],"class_list":{"0":"post-948","1":"product","2":"type-product","3":"status-publish","4":"has-post-thumbnail","6":"product_cat-pieces-detachees","7":"product_cat-boitier-controle","8":"product_cat-packs-complets","9":"product_shipping_class-boitier-de-controle-complet","11":"first","12":"instock","13":"taxable","14":"shipping-taxable","15":"purchasable","16":"product-type-simple"},"yoast_head":"<!-- This site is optimized with the Yoast SEO plugin v27.0 - https:\/\/yoast.com\/product\/yoast-seo-wordpress\/ -->\n<title>Boitier de Gestion Balboa BP6013G2 + R\u00e9chauffeur | Sani Spa Collection<\/title>\n<meta name=\"robots\" content=\"index, follow, max-snippet:-1, max-image-preview:large, max-video-preview:-1\" \/>\n<link rel=\"canonical\" href=\"https:\/\/www.sani-spa.fr\/collection\/produit\/boitier-de-gestion-balboa-bp6013g2\/\" \/>\n<meta property=\"og:locale\" content=\"fr_FR\" \/>\n<meta property=\"og:type\" content=\"article\" \/>\n<meta property=\"og:title\" content=\"Boitier de Gestion Balboa BP6013G2 + R\u00e9chauffeur | Sani Spa Collection\" \/>\n<meta property=\"og:description\" content=\"Il existe plusieurs mod\u00e8les de BP6013 (BP6013G1, BP6013G2 et BP6013G3). Le choix du mod\u00e8le sera d\u00e9termin\u00e9 par le nombre de pompes de massage\/blower disponibles dans votre spa.   BP6013G1 : Capable de contr\u00f4ler 2 pompes de massage ou 1 pompe de massage et 1 blower  BP6013G2 : Capable de contr\u00f4ler 3 pompes de massage ou 2 pompes de massage et 1 blower  BP6013G3 : Capable de contr\u00f4ler 3 pompes de massage ET 1 blower  SP\u00c9CIFICIT\u00c9S:   Alimentation : Mono ou Triphas\u00e9 220\/240V 50Hz  Pompes de massage : 3 ou 2 + blower 220\/240V  Blower : 1 si pas de pompe 3 220\/240V  Ozonateur 220\/240V  R\u00e9chauffeur 3kW int\u00e9gr\u00e9  Compatible module Wifi 51159  Auxiliaire 220\/240V  \u00c9clairage : 1 sortie 12V\" \/>\n<meta property=\"og:url\" content=\"https:\/\/www.sani-spa.fr\/collection\/produit\/boitier-de-gestion-balboa-bp6013g2\/\" \/>\n<meta property=\"og:site_name\" content=\"Sani Spa Collection\" \/>\n<meta property=\"article:publisher\" content=\"https:\/\/www.facebook.com\/sarlsanispa\" \/>\n<meta property=\"article:modified_time\" content=\"2022-02-16T17:18:45+00:00\" \/>\n<meta property=\"og:image\" content=\"https:\/\/www.sani-spa.fr\/collection\/wp-collection\/uploads\/2019\/08\/boitier-balboa-bp2100-z.jpg\" \/>\n\t<meta property=\"og:image:width\" content=\"600\" \/>\n\t<meta property=\"og:image:height\" content=\"600\" \/>\n\t<meta property=\"og:image:type\" content=\"image\/jpeg\" \/>\n<meta name=\"twitter:card\" content=\"summary_large_image\" \/>\n<meta name=\"twitter:label1\" content=\"Dur\u00e9e de lecture estim\u00e9e\" \/>\n\t<meta name=\"twitter:data1\" content=\"1 minute\" \/>\n<script type=\"application\/ld+json\" class=\"yoast-schema-graph\">{\"@context\":\"https:\/\/schema.org\",\"@graph\":[{\"@type\":\"WebPage\",\"@id\":\"https:\/\/www.sani-spa.fr\/collection\/produit\/boitier-de-gestion-balboa-bp6013g2\/\",\"url\":\"https:\/\/www.sani-spa.fr\/collection\/produit\/boitier-de-gestion-balboa-bp6013g2\/\",\"name\":\"Boitier de Gestion Balboa BP6013G2 + R\u00e9chauffeur | Sani Spa Collection\",\"isPartOf\":{\"@id\":\"https:\/\/www.sani-spa.fr\/collection\/#website\"},\"primaryImageOfPage\":{\"@id\":\"https:\/\/www.sani-spa.fr\/collection\/produit\/boitier-de-gestion-balboa-bp6013g2\/#primaryimage\"},\"image\":{\"@id\":\"https:\/\/www.sani-spa.fr\/collection\/produit\/boitier-de-gestion-balboa-bp6013g2\/#primaryimage\"},\"thumbnailUrl\":\"https:\/\/www.sani-spa.fr\/collection\/wp-collection\/uploads\/2019\/08\/boitier-balboa-bp2100-z.jpg\",\"datePublished\":\"2020-02-07T11:16:53+00:00\",\"dateModified\":\"2022-02-16T17:18:45+00:00\",\"breadcrumb\":{\"@id\":\"https:\/\/www.sani-spa.fr\/collection\/produit\/boitier-de-gestion-balboa-bp6013g2\/#breadcrumb\"},\"inLanguage\":\"fr-FR\",\"potentialAction\":[{\"@type\":\"ReadAction\",\"target\":[\"https:\/\/www.sani-spa.fr\/collection\/produit\/boitier-de-gestion-balboa-bp6013g2\/\"]}]},{\"@type\":\"ImageObject\",\"inLanguage\":\"fr-FR\",\"@id\":\"https:\/\/www.sani-spa.fr\/collection\/produit\/boitier-de-gestion-balboa-bp6013g2\/#primaryimage\",\"url\":\"https:\/\/www.sani-spa.fr\/collection\/wp-collection\/uploads\/2019\/08\/boitier-balboa-bp2100-z.jpg\",\"contentUrl\":\"https:\/\/www.sani-spa.fr\/collection\/wp-collection\/uploads\/2019\/08\/boitier-balboa-bp2100-z.jpg\",\"width\":600,\"height\":600},{\"@type\":\"BreadcrumbList\",\"@id\":\"https:\/\/www.sani-spa.fr\/collection\/produit\/boitier-de-gestion-balboa-bp6013g2\/#breadcrumb\",\"itemListElement\":[{\"@type\":\"ListItem\",\"position\":1,\"name\":\"Accueil\",\"item\":\"https:\/\/www.sani-spa.fr\/collection\/\"},{\"@type\":\"ListItem\",\"position\":2,\"name\":\"Sani Spa CollectionPi\u00e8ces D\u00e9tach\u00e9es &amp; Accessoires pour Spas\",\"item\":\"https:\/\/www.sani-spa.fr\/collection\/\"},{\"@type\":\"ListItem\",\"position\":3,\"name\":\"Boitier de Gestion Balboa BP6013G2 + R\u00e9chauffeur\"}]},{\"@type\":\"WebSite\",\"@id\":\"https:\/\/www.sani-spa.fr\/collection\/#website\",\"url\":\"https:\/\/www.sani-spa.fr\/collection\/\",\"name\":\"Sani Spa Collection\",\"description\":\"Boutique spas &amp; accessoires spa\",\"publisher\":{\"@id\":\"https:\/\/www.sani-spa.fr\/collection\/#organization\"},\"potentialAction\":[{\"@type\":\"SearchAction\",\"target\":{\"@type\":\"EntryPoint\",\"urlTemplate\":\"https:\/\/www.sani-spa.fr\/collection\/?s={search_term_string}\"},\"query-input\":{\"@type\":\"PropertyValueSpecification\",\"valueRequired\":true,\"valueName\":\"search_term_string\"}}],\"inLanguage\":\"fr-FR\"},{\"@type\":\"Organization\",\"@id\":\"https:\/\/www.sani-spa.fr\/collection\/#organization\",\"name\":\"Sani Spa Collection\",\"url\":\"https:\/\/www.sani-spa.fr\/collection\/\",\"logo\":{\"@type\":\"ImageObject\",\"inLanguage\":\"fr-FR\",\"@id\":\"https:\/\/www.sani-spa.fr\/collection\/#\/schema\/logo\/image\/\",\"url\":\"https:\/\/www.sani-spa.fr\/collection\/wp-collection\/uploads\/2017\/10\/logo-sani-spa-collection.png\",\"contentUrl\":\"https:\/\/www.sani-spa.fr\/collection\/wp-collection\/uploads\/2017\/10\/logo-sani-spa-collection.png\",\"width\":231,\"height\":54,\"caption\":\"Sani Spa Collection\"},\"image\":{\"@id\":\"https:\/\/www.sani-spa.fr\/collection\/#\/schema\/logo\/image\/\"},\"sameAs\":[\"https:\/\/www.facebook.com\/sarlsanispa\"]}]}<\/script>\n<!-- \/ Yoast SEO plugin. -->","yoast_head_json":{"title":"Boitier de Gestion Balboa BP6013G2 + R\u00e9chauffeur | Sani Spa Collection","robots":{"index":"index","follow":"follow","max-snippet":"max-snippet:-1","max-image-preview":"max-image-preview:large","max-video-preview":"max-video-preview:-1"},"canonical":"https:\/\/www.sani-spa.fr\/collection\/produit\/boitier-de-gestion-balboa-bp6013g2\/","og_locale":"fr_FR","og_type":"article","og_title":"Boitier de Gestion Balboa BP6013G2 + R\u00e9chauffeur | Sani Spa Collection","og_description":"Il existe plusieurs mod\u00e8les de BP6013 (BP6013G1, BP6013G2 et BP6013G3). Le choix du mod\u00e8le sera d\u00e9termin\u00e9 par le nombre de pompes de massage\/blower disponibles dans votre spa.   BP6013G1 : Capable de contr\u00f4ler 2 pompes de massage ou 1 pompe de massage et 1 blower  BP6013G2 : Capable de contr\u00f4ler 3 pompes de massage ou 2 pompes de massage et 1 blower  BP6013G3 : Capable de contr\u00f4ler 3 pompes de massage ET 1 blower  SP\u00c9CIFICIT\u00c9S:   Alimentation : Mono ou Triphas\u00e9 220\/240V 50Hz  Pompes de massage : 3 ou 2 + blower 220\/240V  Blower : 1 si pas de pompe 3 220\/240V  Ozonateur 220\/240V  R\u00e9chauffeur 3kW int\u00e9gr\u00e9  Compatible module Wifi 51159  Auxiliaire 220\/240V  \u00c9clairage : 1 sortie 12V","og_url":"https:\/\/www.sani-spa.fr\/collection\/produit\/boitier-de-gestion-balboa-bp6013g2\/","og_site_name":"Sani Spa Collection","article_publisher":"https:\/\/www.facebook.com\/sarlsanispa","article_modified_time":"2022-02-16T17:18:45+00:00","og_image":[{"width":600,"height":600,"url":"https:\/\/www.sani-spa.fr\/collection\/wp-collection\/uploads\/2019\/08\/boitier-balboa-bp2100-z.jpg","type":"image\/jpeg"}],"twitter_card":"summary_large_image","twitter_misc":{"Dur\u00e9e de lecture estim\u00e9e":"1 minute"},"schema":{"@context":"https:\/\/schema.org","@graph":[{"@type":"WebPage","@id":"https:\/\/www.sani-spa.fr\/collection\/produit\/boitier-de-gestion-balboa-bp6013g2\/","url":"https:\/\/www.sani-spa.fr\/collection\/produit\/boitier-de-gestion-balboa-bp6013g2\/","name":"Boitier de Gestion Balboa BP6013G2 + R\u00e9chauffeur | Sani Spa Collection","isPartOf":{"@id":"https:\/\/www.sani-spa.fr\/collection\/#website"},"primaryImageOfPage":{"@id":"https:\/\/www.sani-spa.fr\/collection\/produit\/boitier-de-gestion-balboa-bp6013g2\/#primaryimage"},"image":{"@id":"https:\/\/www.sani-spa.fr\/collection\/produit\/boitier-de-gestion-balboa-bp6013g2\/#primaryimage"},"thumbnailUrl":"https:\/\/www.sani-spa.fr\/collection\/wp-collection\/uploads\/2019\/08\/boitier-balboa-bp2100-z.jpg","datePublished":"2020-02-07T11:16:53+00:00","dateModified":"2022-02-16T17:18:45+00:00","breadcrumb":{"@id":"https:\/\/www.sani-spa.fr\/collection\/produit\/boitier-de-gestion-balboa-bp6013g2\/#breadcrumb"},"inLanguage":"fr-FR","potentialAction":[{"@type":"ReadAction","target":["https:\/\/www.sani-spa.fr\/collection\/produit\/boitier-de-gestion-balboa-bp6013g2\/"]}]},{"@type":"ImageObject","inLanguage":"fr-FR","@id":"https:\/\/www.sani-spa.fr\/collection\/produit\/boitier-de-gestion-balboa-bp6013g2\/#primaryimage","url":"https:\/\/www.sani-spa.fr\/collection\/wp-collection\/uploads\/2019\/08\/boitier-balboa-bp2100-z.jpg","contentUrl":"https:\/\/www.sani-spa.fr\/collection\/wp-collection\/uploads\/2019\/08\/boitier-balboa-bp2100-z.jpg","width":600,"height":600},{"@type":"BreadcrumbList","@id":"https:\/\/www.sani-spa.fr\/collection\/produit\/boitier-de-gestion-balboa-bp6013g2\/#breadcrumb","itemListElement":[{"@type":"ListItem","position":1,"name":"Accueil","item":"https:\/\/www.sani-spa.fr\/collection\/"},{"@type":"ListItem","position":2,"name":"Sani Spa CollectionPi\u00e8ces D\u00e9tach\u00e9es &amp; Accessoires pour Spas","item":"https:\/\/www.sani-spa.fr\/collection\/"},{"@type":"ListItem","position":3,"name":"Boitier de Gestion Balboa BP6013G2 + R\u00e9chauffeur"}]},{"@type":"WebSite","@id":"https:\/\/www.sani-spa.fr\/collection\/#website","url":"https:\/\/www.sani-spa.fr\/collection\/","name":"Sani Spa Collection","description":"Boutique spas &amp; accessoires spa","publisher":{"@id":"https:\/\/www.sani-spa.fr\/collection\/#organization"},"potentialAction":[{"@type":"SearchAction","target":{"@type":"EntryPoint","urlTemplate":"https:\/\/www.sani-spa.fr\/collection\/?s={search_term_string}"},"query-input":{"@type":"PropertyValueSpecification","valueRequired":true,"valueName":"search_term_string"}}],"inLanguage":"fr-FR"},{"@type":"Organization","@id":"https:\/\/www.sani-spa.fr\/collection\/#organization","name":"Sani Spa Collection","url":"https:\/\/www.sani-spa.fr\/collection\/","logo":{"@type":"ImageObject","inLanguage":"fr-FR","@id":"https:\/\/www.sani-spa.fr\/collection\/#\/schema\/logo\/image\/","url":"https:\/\/www.sani-spa.fr\/collection\/wp-collection\/uploads\/2017\/10\/logo-sani-spa-collection.png","contentUrl":"https:\/\/www.sani-spa.fr\/collection\/wp-collection\/uploads\/2017\/10\/logo-sani-spa-collection.png","width":231,"height":54,"caption":"Sani Spa Collection"},"image":{"@id":"https:\/\/www.sani-spa.fr\/collection\/#\/schema\/logo\/image\/"},"sameAs":["https:\/\/www.facebook.com\/sarlsanispa"]}]}},"jetpack_sharing_enabled":true,"_links":{"self":[{"href":"https:\/\/www.sani-spa.fr\/collection\/wp-json\/wp\/v2\/product\/948","targetHints":{"allow":["GET"]}}],"collection":[{"href":"https:\/\/www.sani-spa.fr\/collection\/wp-json\/wp\/v2\/product"}],"about":[{"href":"https:\/\/www.sani-spa.fr\/collection\/wp-json\/wp\/v2\/types\/product"}],"replies":[{"embeddable":true,"href":"https:\/\/www.sani-spa.fr\/collection\/wp-json\/wp\/v2\/comments?post=948"}],"wp:featuredmedia":[{"embeddable":true,"href":"https:\/\/www.sani-spa.fr\/collection\/wp-json\/wp\/v2\/media\/782"}],"wp:attachment":[{"href":"https:\/\/www.sani-spa.fr\/collection\/wp-json\/wp\/v2\/media?parent=948"}],"wp:term":[{"taxonomy":"product_brand","embeddable":true,"href":"https:\/\/www.sani-spa.fr\/collection\/wp-json\/wp\/v2\/product_brand?post=948"},{"taxonomy":"product_cat","embeddable":true,"href":"https:\/\/www.sani-spa.fr\/collection\/wp-json\/wp\/v2\/product_cat?post=948"},{"taxonomy":"product_tag","embeddable":true,"href":"https:\/\/www.sani-spa.fr\/collection\/wp-json\/wp\/v2\/product_tag?post=948"}],"curies":[{"name":"wp","href":"https:\/\/api.w.org\/{rel}","templated":true}]}}